Chelmsford Weather from CM2Weather

Forecast: Increasing clouds with little temperature change. Precipitation possible within 24 to 48 hours. Last Updated 16:35 on 25 August 2019

NOAA style reports
Select a Year or Month report
V/Λ2019 > Jan Feb Mar Apr May Jun Jul Aug Sep Oct Nov Dec
V/Λ2018 > Jan Feb Mar Apr May Jun Jul Aug Sep Oct Nov Dec
V/Λ2017 > Jan Feb Mar Apr May Jun Jul Aug Sep Oct Nov Dec
V/Λ2016 > Jan Feb Mar Apr May Jun Jul Aug Sep Oct Nov Dec
V/Λ2015 > Jan Feb Mar Apr May Jun Jul Aug Sep Oct Nov Dec
V/Λ2014 > Jan Feb Mar Apr May Jun Jul Aug Sep Oct Nov Dec
V/Λ2013 > Jan Feb Mar Apr May Jun Jul Aug Sep Oct Nov Dec
V/Λ2012 > Jan Feb Mar Apr May Jun Jul Aug Sep Oct Nov Dec
V/Λ2011 > Jan Feb Mar Apr May Jun Jul Aug Sep Oct Nov Dec

Report for 2019 Jul
                   Monthly Climatological Summary for Jul 2019

Name: CM2Weather   City: Chelmsford   State: Essex
Elevation: 66 m  Lat: N 51 42 38   Lon: E 000 28 14

                  Temperature (C), Rain (mm), Wind Speed (mph)

                                      Heat  Cool        Avg
    Mean                              Deg   Deg         Wind                 Dom
Day Temp  High   Time   Low    Time   Days  Days  Rain  Speed High   Time    Dir
----------------------------------------------------------------------------------
01  18.4  23.8   12:49  13.6   04:45   0.0   0.0   0.0   2.6  17.0   13:16   WNW
02  17.0  24.6   12:19  10.3   05:18   0.2   0.0   0.0   2.3  12.0   14:42     N
03  17.5  25.3   12:38  10.9   05:13   0.1   0.0   0.0   1.9  11.0   19:03   ENE
04  19.5  26.9   16:56   9.6   05:02   0.2   0.4   0.0   1.3   9.0   13:36    SW
05  22.2  28.3   17:34  15.2   05:08   0.0   0.9   0.0   1.7  13.0   10:41    NW
06  19.0  24.2   09:48  14.7   05:15   0.0   0.0   0.6   2.3  13.0   13:56   NNW
07  16.6  21.8   13:59  12.4   23:57   0.0   0.0   0.4   2.0  11.0   18:22     E
08  16.4  23.4   11:36  10.6   02:51   0.2   0.0   0.0   1.8  13.0   18:05   ESE
09  17.9  22.8   17:10  14.4   00:19   0.0   0.0   0.0   1.3  10.0   11:55   SSW
10  21.1  26.5   16:49  16.3   04:30   0.0   0.4   0.0   2.5  14.0   15:12   WSW
11  21.9  28.0   15:06  16.8   05:10   0.0   0.9   0.0   1.9  14.0   10:34     W
12  21.1  25.4   12:47  17.6   05:28   0.0   0.1   0.0   3.0  18.0   13:55   NNW
13  18.2  22.3   13:51  15.3   05:47   0.0   0.0   0.2   2.5  11.0   01:26     N
14  17.2  21.7   11:28  13.4   23:53   0.0   0.0   0.2   3.2  14.0   15:08    NE
15  16.7  21.9   14:07  13.3   00:54   0.0   0.0   0.0   2.6  13.0   07:49   NNE
16  20.0  28.4   11:59  11.1   04:46   0.1   0.6   0.0   1.7  10.0   20:41    SW
17  21.0  27.4   11:16  14.2   05:02   0.0   0.5   0.0   3.0  16.0   11:48    SW
18  19.0  23.8   16:12  15.9   05:07   0.0   0.0   2.2   2.3  13.0   13:31   WSW
19  17.0  20.3   11:00  12.8   04:56   0.0   0.0   3.8   4.1  20.0   15:11    SW
20  19.9  24.7   12:04  16.1   05:34   0.0   0.0  11.8   3.8  17.0   13:17   WSW
21  19.3  24.9   15:37  13.1   05:20   0.0   0.0   0.0   3.1  13.0   15:17    SW
22  22.3  27.7   15:53  15.8   02:14   0.0   1.1   0.0   4.6  19.0   10:54   WSW
23  24.9  32.1   12:50  16.5   05:38   0.0   2.8   0.0   1.8  12.0   14:34   ESE
24  27.2  34.1   12:23  20.3   05:44   0.0   4.1   0.0   2.9  15.0   15:30    SW
25  28.5  37.3   16:17  19.3   05:28   0.0   5.6   0.0   2.1  18.0   20:28   SSE
26  23.3  27.3   10:40  19.9   06:24   0.0   0.5   3.6   1.9  18.0   00:46   WSW
27  18.4  20.7   00:00  15.9   23:52   0.0   0.0   6.0   1.7  16.0   16:19    NW
28  17.3  21.8   17:01  15.4   23:58   0.0   0.0   0.2   1.7  15.0   13:28     W
29  20.1  26.2   14:07  13.4   05:29   0.0   0.3   0.0   2.6  17.0   12:51    SW
30  19.0  22.1   08:39  16.4   05:19   0.0   0.0   1.2   5.2  25.0   14:03   SSW
31  19.3  22.5   17:56  16.7   05:13   0.0   0.0   0.0   4.8  18.0   10:41   WSW
----------------------------------------------------------------------------------
    19.9  37.3    25     9.6     4     0.8  18.2  30.2   2.6  25.0    30     WSW

Max >=  35.7  1
Max <=  33.6 29
Min <= -20.6  0
Min <= -18.0  0
Max Rain: 11.8 on day 20
Days of Rain: 11 (>= 0.2 mm)  5 (>= 2.0 mm)  0 (>= 20.0 mm)
Heat Base: 12.0  Cool Base: 24.0  Method: Integration