Chelmsford Weather from CM2Weather

Forecast: Increasing clouds with little temperature change. Precipitation possible within 24 to 48 hours. Last Updated 16:35 on 25 August 2019

NOAA style reports
Select a Year or Month report
V/Λ2019 > Jan Feb Mar Apr May Jun Jul Aug Sep Oct Nov Dec
V/Λ2018 > Jan Feb Mar Apr May Jun Jul Aug Sep Oct Nov Dec
V/Λ2017 > Jan Feb Mar Apr May Jun Jul Aug Sep Oct Nov Dec
V/Λ2016 > Jan Feb Mar Apr May Jun Jul Aug Sep Oct Nov Dec
V/Λ2015 > Jan Feb Mar Apr May Jun Jul Aug Sep Oct Nov Dec
V/Λ2014 > Jan Feb Mar Apr May Jun Jul Aug Sep Oct Nov Dec
V/Λ2013 > Jan Feb Mar Apr May Jun Jul Aug Sep Oct Nov Dec
V/Λ2012 > Jan Feb Mar Apr May Jun Jul Aug Sep Oct Nov Dec
V/Λ2011 > Jan Feb Mar Apr May Jun Jul Aug Sep Oct Nov Dec

Report for 2019 Jun
                   Monthly Climatological Summary for Jun 2019

Name: CM2Weather   City: Chelmsford   State: Essex
Elevation: 66 m  Lat: N 51 42 38   Lon: E 000 28 14

                  Temperature (C), Rain (mm), Wind Speed (mph)

                                      Heat  Cool        Avg
    Mean                              Deg   Deg         Wind                 Dom
Day Temp  High   Time   Low    Time   Days  Days  Rain  Speed High   Time    Dir
----------------------------------------------------------------------------------
01  20.4  27.7   12:37  11.2   05:17   0.0   0.8   0.0   2.3  13.0   18:25    SW
02  21.8  28.5   12:47  16.1   05:31   0.0   0.9   0.0   4.7  22.0   15:08   WSW
03  16.8  22.9   13:47  11.6   05:17   0.0   0.0   0.0   3.8  16.0   10:44   WSW
04  14.3  20.1   10:37  10.4   03:44   0.2   0.0   3.6   2.3  14.0   10:45   SSE
05  15.1  21.1   12:06  12.2   00:42   0.0   0.0   2.2   2.9  14.0   11:23    SW
06  15.4  20.5   14:29   9.1   05:07   0.3   0.0   0.0   3.3  18.0   14:49    SW
07  14.2  18.5   10:28  11.0   01:17   0.1   0.0   5.4   3.0  22.0   10:41   ESE
08  14.6  19.9   16:46  11.3   23:59   0.1   0.0   0.4   5.5  27.0   15:10   WSW
09  15.4  21.7   13:55   8.8   05:26   0.5   0.0   0.0   2.1  12.0   10:36    SW
10  12.2  13.7   00:00  10.7   13:21   0.2   0.0  13.0   3.0  18.0   14:54   NNE
11  14.9  20.8   14:36  11.2   06:29   0.1   0.0   0.0   2.4  15.0   18:02     N
12  13.2  15.4   10:23  11.6   03:50   0.0   0.0   5.8   1.7  11.0   02:58     N
13  13.6  17.5   12:04  11.4   03:55   0.1   0.0   1.0   5.4  24.0   10:17    SW
14  15.9  19.8   13:45  12.6   00:32   0.0   0.0   0.0   5.4  20.0   16:28    SW
15  15.9  20.4   13:09  12.6   03:04   0.0   0.0   0.6   4.4  21.0   17:36    SW
16  15.7  20.9   14:39  10.6   04:49   0.2   0.0   0.6   5.1  22.0   11:49    SW
17  17.6  23.5   14:28  11.7   04:18   0.0   0.0   0.0   4.3  18.0   15:35    SW
18  16.9  24.1   10:48  11.8   03:54   0.0   0.0   1.6   1.3   8.0   11:08     S
19  16.4  20.7   12:19  13.1   05:36   0.0   0.0   2.6   1.3  13.0   17:11   NNW
20  17.5  22.4   11:16  14.1   05:32   0.0   0.0   2.0   2.4  14.0   16:17   WSW
21  17.5  23.6   13:47  10.4   05:22   0.1   0.0   0.0   1.7  12.0   12:58     W
22  18.3  24.0   12:06  13.2   23:57   0.0   0.0   0.0   2.3  15.0   18:52    SE
23  18.7  25.0   13:40  11.4   04:06   0.0   0.0   0.0   2.7  16.0   15:58   ENE
24  22.0  26.8   10:00  17.6   04:33   0.0   0.2   0.0   1.7  11.0   17:08    SW
25  20.4  24.8   15:40  16.5   23:50   0.0   0.0  12.2   3.1  13.0   17:12     N
26  17.1  21.8   14:45  13.9   23:46   0.0   0.0   0.0   4.8  18.0   18:27    NE
27  17.1  23.0   13:01  12.9   04:35   0.0   0.0   0.0   5.1  17.0   15:10   ENE
28  16.9  21.6   15:05  13.6   04:58   0.0   0.0   0.0   4.3  16.0   13:32     E
29  23.1  31.4   13:48  13.1   05:01   0.0   2.5   0.0   1.8  11.0   10:51    SE
30  21.7  27.1   13:10  15.9   05:31   0.0   0.4   0.0   2.5  14.0   08:59   WSW
----------------------------------------------------------------------------------
    17.0  31.4    29     8.8     9     1.9   4.8  51.0   3.2  27.0     8      SW

Max >=  35.7  0
Max <=  33.6 30
Min <= -20.6  0
Min <= -18.0  0
Max Rain: 13.0 on day 10
Days of Rain: 13 (>= 0.2 mm)  8 (>= 2.0 mm)  0 (>= 20.0 mm)
Heat Base: 12.0  Cool Base: 24.0  Method: Integration