Chelmsford Weather from CM2Weather

Forecast: Partly cloudy and cooler. Last Updated 20:10 on 20 October 2019

NOAA style reports
Select a Year or Month report

Report for 2019 Apr
                   Monthly Climatological Summary for Apr 2019

Name: CM2Weather   City: Chelmsford   State: Essex
Elevation: 66 m  Lat: N 51 42 38   Lon: E 000 28 14

                  Temperature (C), Rain (mm), Wind Speed (mph)

                                      Heat  Cool        Avg
    Mean                              Deg   Deg         Wind                 Dom
Day Temp  High   Time   Low    Time   Days  Days  Rain  Speed High   Time    Dir
----------------------------------------------------------------------------------
01   8.6  15.8   12:45   2.8   06:34   4.1   0.0   0.0   3.3  15.0   09:25   ENE
02   6.1   9.1   11:17   2.7   23:10   5.9   0.0   1.6   2.1  15.0   13:42     W
03   5.5  12.6   12:00   1.7   23:58   6.3   0.0   0.0   1.1  12.0   18:09   WSW
04   6.4  12.6   12:00   1.2   02:16   5.6   0.0   0.4   3.4  26.0   16:56   SSW
05   9.4  15.2   13:58   4.7   03:13   3.1   0.0   0.2   3.6  18.0   11:25   ESE
06   8.0   9.4   13:44   6.0   05:06   4.0   0.0   0.0   4.3  15.0   13:20    NE
07   9.6  14.9   14:55   6.9   03:09   2.6   0.0   0.4   3.1  12.0   00:50   NNE
08  10.3  16.8   14:30   7.6   04:03   2.3   0.0   0.2   1.8  10.0   23:23    NW
09   9.2  12.7   16:01   7.3   23:51   2.9   0.0   2.0   4.5  18.0   17:23    NE
10   8.4  15.1   12:50   3.6   23:53   3.8   0.0   0.0   5.9  20.0   11:46    NE
11   6.6  14.2   13:44   1.3   03:58   5.6   0.0   0.0   3.1  14.0   10:24   ENE
12   6.6  12.9   10:29   0.5   05:21   5.4   0.0   0.0   3.1  14.0   10:05   ENE
13   5.1  12.4   10:35  -0.2   06:01   6.9   0.0   0.0   3.1  17.0   11:56   ENE
14   5.4  12.1   13:00  -0.1   06:26   6.6   0.0   0.0   2.9  18.0   16:50   ENE
15   8.6  15.6   13:02   2.2   04:08   3.8   0.0   0.0   3.9  21.0   09:29     E
16  12.2  20.4   12:56   6.1   01:52   1.9   0.0   0.0   1.9  11.0   09:17     E
17  12.1  22.0   14:24   5.3   06:44   2.4   0.0   0.0   2.0  12.0   17:08     E
18  14.4  23.0   12:26   7.2   04:19   1.4   0.0   0.0   3.1  15.0   15:31   ENE
19  16.4  25.1   12:01   7.5   05:36   0.9   0.1   0.0   2.9  13.0   13:16   ENE
20  16.6  28.3   12:39   7.4   06:00   1.0   0.5   0.0   2.5  12.0   14:40    NE
21  15.4  25.8   12:39   6.2   06:12   1.5   0.1   0.0   1.4  14.0   13:54   ESE
22  15.1  25.9   12:50   5.1   05:51   1.9   0.1   0.0   1.7  13.0   15:34     E
23  14.6  19.9   13:54  10.4   05:23   0.2   0.0   0.0   2.6  13.0   15:11   ENE
24  13.8  21.8   10:48   9.0   23:55   0.7   0.0   0.0   3.4  23.0   15:59   SSW
25  12.4  17.2   16:26   8.7   00:25   0.9   0.0   0.6   4.3  23.0   16:02   SSW
26  11.9  17.3   15:02   6.3   06:05   1.5   0.0   0.0   4.9  21.0   15:05    SW
27   9.9  12.9   16:04   7.6   23:47   2.1   0.0   0.8   7.4  26.0   08:57   WSW
28  10.0  14.8   13:08   6.5   23:57   2.3   0.0   0.4   4.5  19.0   15:31   NNW
29   9.5  17.1   12:40   4.2   02:54   3.1   0.0   0.0   1.4  10.0   17:40    NE
30  10.1  17.2   15:19   4.9   05:55   2.7   0.0   0.0   1.1   9.0   19:24     E
----------------------------------------------------------------------------------
    10.3  28.3    20    -0.2    13    93.4   0.8   6.6   3.1  26.0     4     ENE

Max >=  35.7  0
Max <=  33.6 30
Min <= -20.6  0
Min <= -18.0  0
Max Rain: 2.0 on day 9
Days of Rain: 9 (>= 0.2 mm)  1 (>= 2.0 mm)  0 (>= 20.0 mm)
Heat Base: 12.0  Cool Base: 24.0  Method: Integration