Chelmsford Weather from CM2Weather

Forecast: Increasing clouds with little temperature change. Precipitation possible within 24 to 48 hours. Last Updated 17:25 on 25 August 2019

NOAA style reports
Select a Year or Month report
V/Λ2019 > Jan Feb Mar Apr May Jun Jul Aug Sep Oct Nov Dec
V/Λ2018 > Jan Feb Mar Apr May Jun Jul Aug Sep Oct Nov Dec
V/Λ2017 > Jan Feb Mar Apr May Jun Jul Aug Sep Oct Nov Dec
V/Λ2016 > Jan Feb Mar Apr May Jun Jul Aug Sep Oct Nov Dec
V/Λ2015 > Jan Feb Mar Apr May Jun Jul Aug Sep Oct Nov Dec
V/Λ2014 > Jan Feb Mar Apr May Jun Jul Aug Sep Oct Nov Dec
V/Λ2013 > Jan Feb Mar Apr May Jun Jul Aug Sep Oct Nov Dec
V/Λ2012 > Jan Feb Mar Apr May Jun Jul Aug Sep Oct Nov Dec
V/Λ2011 > Jan Feb Mar Apr May Jun Jul Aug Sep Oct Nov Dec

Report for 2019 Feb
                   Monthly Climatological Summary for Feb 2019

Name: CM2Weather   City: Chelmsford   State: Essex
Elevation: 66 m  Lat: N 51 42 38   Lon: E 000 28 14

                  Temperature (C), Rain (mm), Wind Speed (mph)

                                      Heat  Cool        Avg
    Mean                              Deg   Deg         Wind                 Dom
Day Temp  High   Time   Low    Time   Days  Days  Rain  Speed High   Time    Dir
----------------------------------------------------------------------------------
01   2.0   2.8   13:58   1.0   03:36  10.0   0.0   4.4   5.3  19.0   03:15    NE
02   2.4   4.1   12:12   1.1   07:25   9.6   0.0   0.0   6.9  21.0   10:32   NNW
03   2.5   8.6   13:06  -2.2   07:56   9.5   0.0   0.0   3.2  14.0   21:59   WSW
04   7.0   8.2   17:24   5.1   00:00   5.0   0.0   5.4   4.9  24.0   07:48    SW
05   6.0   7.9   11:33   3.9   01:31   6.0   0.0   0.4   2.9  19.0   15:24   SSW
06   9.2  11.4   11:31   7.1   00:00   2.8   0.0   3.6   2.7  18.0   02:16    SW
07   8.1  11.6   13:41   6.3   21:36   3.9   0.0   0.2   8.3  32.0   02:47   WSW
08   9.3  11.0   13:20   7.3   00:14   2.7   0.0   2.6   8.7  34.0   11:29    SW
09   8.4  11.8   13:06   6.9   04:12   3.6   0.0   0.0   9.1  31.0   06:15   WSW
10   5.6   8.1   14:47   3.3   23:58   6.4   0.0   2.6   3.6  20.0   13:02     W
11   5.6  11.8   13:57   1.4   05:19   6.4   0.0   0.0   2.4  15.0   12:45    NW
12   7.3  12.4   14:26   3.4   06:52   4.7   0.0   0.0   2.8  14.0   13:00   WSW
13   7.8  11.7   14:39   4.1   23:59   4.2   0.0   0.0   3.6  17.0   11:43    SW
14   6.3  16.2   13:11   0.9   07:24   6.3   0.0   0.0   0.6   9.0   11:58   SSE
15   7.2  17.7   14:04   0.3   04:50   5.7   0.0   0.2   1.3  10.0   13:12   SSW
16   9.0  12.3   13:50   6.0   00:23   3.0   0.0   0.0   2.6  12.0   12:50    SW
17   9.3  16.0   12:58   3.3   05:01   3.3   0.0   0.2   3.0  18.0   18:22    SW
18   8.4  10.4   00:11   5.4   22:56   3.6   0.0   0.4   3.6  13.0   13:41    SW
19   7.7  13.4   14:03   4.0   06:50   4.4   0.0   0.0   3.8  20.0   12:19   WSW
20   9.3  14.7   13:27   6.6   00:00   2.9   0.0   0.0   4.3  17.0   11:51    SW
21  10.9  17.7   12:53   7.3   02:04   2.2   0.0   0.0   3.1  16.0   10:22   WSW
22   9.0  18.8   13:04   4.7   03:57   4.0   0.0   0.0   1.2  10.0   23:55    SE
23   9.8  19.4   14:10   4.9   23:49   3.3   0.0   0.2   1.0  10.0   01:06    SE
24   8.1  19.9   13:44   2.2   07:48   5.3   0.0   0.2   0.6   8.0   12:44     E
25   8.9  23.0   13:13   0.6   06:48   5.2   0.0   0.0   0.7  10.0   14:56     E
26   9.6  22.8   13:08   1.8   05:11   4.6   0.0   0.0   0.8   9.0   15:22   ESE
27  10.3  22.0   12:09   1.6   07:07   4.1   0.0   0.0   0.8   9.0   14:22   WSW
28   9.6  15.0   11:11   5.1   05:30   2.6   0.0   2.0   2.6  17.0   12:00   WSW
----------------------------------------------------------------------------------
     7.7  23.0    25    -2.2     3   135.3   0.0  22.4   3.4  34.0     8      SW

Max >=  35.7  0
Max <=  33.6 28
Min <= -20.6  0
Min <= -18.0  0
Max Rain: 5.4 on day 4
Days of Rain: 13 (>= 0.2 mm)  6 (>= 2.0 mm)  0 (>= 20.0 mm)
Heat Base: 12.0  Cool Base: 24.0  Method: Integration