Chelmsford Weather from CM2Weather

Forecast: Increasing clouds with little temperature change. Precipitation possible within 24 to 48 hours. Last Updated 17:00 on 25 August 2019

NOAA style reports
Select a Year or Month report
V/Λ2019 > Jan Feb Mar Apr May Jun Jul Aug Sep Oct Nov Dec
V/Λ2018 > Jan Feb Mar Apr May Jun Jul Aug Sep Oct Nov Dec
V/Λ2017 > Jan Feb Mar Apr May Jun Jul Aug Sep Oct Nov Dec
V/Λ2016 > Jan Feb Mar Apr May Jun Jul Aug Sep Oct Nov Dec
V/Λ2015 > Jan Feb Mar Apr May Jun Jul Aug Sep Oct Nov Dec
V/Λ2014 > Jan Feb Mar Apr May Jun Jul Aug Sep Oct Nov Dec
V/Λ2013 > Jan Feb Mar Apr May Jun Jul Aug Sep Oct Nov Dec
V/Λ2012 > Jan Feb Mar Apr May Jun Jul Aug Sep Oct Nov Dec
V/Λ2011 > Jan Feb Mar Apr May Jun Jul Aug Sep Oct Nov Dec

Report for 2019 Jan
                   Monthly Climatological Summary for Jan 2019

Name: CM2Weather   City: Chelmsford   State: Essex
Elevation: 66 m  Lat: N 51 42 38   Lon: E 000 28 14

                  Temperature (C), Rain (mm), Wind Speed (mph)

                                      Heat  Cool        Avg
    Mean                              Deg   Deg         Wind                 Dom
Day Temp  High   Time   Low    Time   Days  Days  Rain  Speed High   Time    Dir
----------------------------------------------------------------------------------
01   8.0  11.1   13:23   4.7   21:47   4.0   0.0   0.0   3.4  13.0   17:42    NW
02   4.7   6.3   13:53   3.1   08:48   7.3   0.0   0.0   3.2  12.0   02:43   NNW
03   4.0   6.4   14:04   0.9   23:54   8.0   0.0   0.0   1.8  10.0   13:28     N
04   2.0   4.0   13:30  -0.7   02:17  10.0   0.0   0.0   1.8  11.0   12:53   WNW
05   4.6   5.8   23:40   3.9   00:00   7.4   0.0   0.0   2.8  14.0   15:03    NW
06   7.1   8.7   15:00   5.6   01:14   4.9   0.0   0.0   1.8   8.0   04:50   WNW
07   9.3  10.9   19:18   7.6   23:56   2.7   0.0   0.0   4.1  20.0   18:35     W
08   6.9   9.6   14:05   5.1   23:26   5.1   0.0   0.0   5.4  21.0   12:33    NW
09   4.1   6.6   13:39   1.7   23:59   7.9   0.0   0.4   5.6  18.0   11:55   NNW
10   3.1   6.3   23:51   0.5   05:22   8.9   0.0   0.0   1.9  11.0   01:09   WNW
11   6.7   7.8   12:41   5.2   19:16   5.3   0.0   0.2   2.5  10.0   01:15    NW
12   8.6  10.5   23:58   6.3   00:00   3.4   0.0   0.0   4.2  15.0   07:11     W
13  10.3  11.7   13:48   7.6   23:54   1.7   0.0   0.2   6.0  31.0   19:45   WNW
14   7.0   9.6   13:21   4.7   23:56   5.0   0.0   0.0   3.3  17.0   01:41    NW
15   6.9   9.3   14:06   3.3   04:21   5.1   0.0   0.0   4.2  16.0   11:52   WSW
16   7.5   9.1   12:00   3.5   23:23   4.5   0.0   2.6   4.8  20.0   08:14   WSW
17   2.8   5.7   13:57   0.1   23:53   9.2   0.0   2.2   3.7  20.0   13:39    NW
18   2.3   7.8   13:50  -0.8   07:09   9.7   0.0   0.0   2.2  18.0   13:49   SSW
19   2.6   5.8   12:02  -1.7   23:58   9.4   0.0   0.0   1.9  12.0   11:32   SSE
20   0.2   6.7   13:26  -2.8   08:17  11.8   0.0   0.2   1.2   9.0   12:30   NNE
21   1.6   7.6   13:13  -2.8   00:54  10.4   0.0   0.0   2.0  11.0   18:31    SW
22   3.8   8.6   13:05   1.4   08:42   8.2   0.0   5.0   2.8  20.0   00:44   WSW
23   1.0   2.4   12:16  -1.1   23:15  11.0   0.0   0.2   3.5  15.0   12:48   NNW
24   1.5   4.3   14:41  -1.8   04:38  10.5   0.0   0.0   1.4   9.0   13:53   WNW
25   6.7  11.8   15:31   2.8   01:56   5.3   0.0   0.8   2.6  13.0   23:11     W
26   8.2   9.8   14:08   6.5   02:22   3.8   0.0   3.8   5.4  19.0   16:46   WSW
27   5.8   8.0   01:05   2.7   08:20   6.2   0.0   1.4   7.1  27.0   17:44   WNW
28   2.7   7.4   12:40  -0.8   23:46   9.3   0.0   0.0   4.6  20.0   11:13    NW
29   2.8   8.3   12:18  -0.8   00:00   9.2   0.0   2.0   2.7  13.0   12:56    SW
30   1.3   7.9   12:56  -2.0   23:51  10.7   0.0   2.4   1.6   9.0   06:47   WNW
31   0.0   6.3   12:56  -4.6   08:05  12.0   0.0   0.2   2.4  19.0   17:37     E
----------------------------------------------------------------------------------
     4.6  11.8    25    -4.6    31   227.9   0.0  21.6   3.3  31.0    13     WNW

Max >=  35.7  0
Max <=  33.6 31
Min <= -20.6  0
Min <= -18.0  0
Max Rain: 5.0 on day 22
Days of Rain: 14 (>= 0.2 mm)  6 (>= 2.0 mm)  0 (>= 20.0 mm)
Heat Base: 12.0  Cool Base: 24.0  Method: Integration