Chelmsford Weather from CM2Weather

Forecast: Increasing clouds with little temperature change. Precipitation possible within 24 to 48 hours. Last Updated 17:30 on 18 April 2019

NOAA style reports
Select a Year or Month report
V/Λ2019 > Jan Feb Mar Apr May Jun Jul Aug Sep Oct Nov Dec
V/Λ2018 > Jan Feb Mar Apr May Jun Jul Aug Sep Oct Nov Dec
V/Λ2017 > Jan Feb Mar Apr May Jun Jul Aug Sep Oct Nov Dec
V/Λ2016 > Jan Feb Mar Apr May Jun Jul Aug Sep Oct Nov Dec
V/Λ2015 > Jan Feb Mar Apr May Jun Jul Aug Sep Oct Nov Dec
V/Λ2014 > Jan Feb Mar Apr May Jun Jul Aug Sep Oct Nov Dec
V/Λ2013 > Jan Feb Mar Apr May Jun Jul Aug Sep Oct Nov Dec
V/Λ2012 > Jan Feb Mar Apr May Jun Jul Aug Sep Oct Nov Dec
V/Λ2011 > Jan Feb Mar Apr May Jun Jul Aug Sep Oct Nov Dec

Report for 2018 Nov
                   Monthly Climatological Summary for Nov 2018

Name: CM2Weather   City: Chelmsford   State: Essex
Elevation: 66 m  Lat: N 51 42 38   Lon: E 000 28 14

                  Temperature (C), Rain (mm), Wind Speed (mph)

                                      Heat  Cool        Avg
    Mean                              Deg   Deg         Wind                 Dom
Day Temp  High   Time   Low    Time   Days  Days  Rain  Speed High   Time    Dir
----------------------------------------------------------------------------------
01   9.5  11.6   11:26   4.6   23:58   2.5   0.0  11.0   1.7  18.0   16:24   WSW
02   6.2  12.9   12:21   2.6   05:58   5.8   0.0   0.2   1.2   9.0   09:23     W
03   8.5  13.9   12:58   4.4   05:35   3.7   0.0   0.0   4.2  21.0   14:28    SW
04   9.0  10.0   21:21   8.1   23:55   0.3   0.0 323.8   1.8   6.0   22:42   ESE
05  10.8  15.7   12:58   8.1   00:00   1.6   0.0   0.0   1.2  10.0   15:49   ESE
06  12.3  16.1   14:33   8.6   07:11   1.0   0.0   0.0   2.4  15.0   19:04    SW
07  11.9  13.9   12:24   9.0   23:56   0.5   0.0   3.4   5.5  22.0   12:02    SW
08   9.2  14.8   12:48   6.0   05:23   3.1   0.0   0.0   3.8  20.0   10:32    SW
09   9.8  12.9   12:44   6.5   00:38   2.3   0.0   3.0   4.1  25.0   21:28   SSW
10  10.9  14.3   12:35   9.1   07:18   1.2   0.0  17.0   3.6  18.0   00:42    SW
11  10.5  14.6   13:33   8.1   04:01   1.8   0.0   3.8   4.2  20.0   10:57    SW
12  10.9  14.8   13:18   9.2   00:01   1.3   0.0   1.8   3.7  16.0   13:33    SW
13  10.5  14.7   13:01   8.3   06:45   1.9   0.0   0.2   4.0  19.0   00:31   WSW
14  11.0  15.7   12:07   8.1   20:42   1.5   0.0   0.0   3.2  17.0   10:54    SW
15  11.3  13.3   13:59   9.6   00:00   1.0   0.0   0.0   1.0   8.0   21:00     S
16   9.7  10.3   01:37   9.1   23:31   2.3   0.0   0.6   1.4  12.0   23:02   ESE
17   8.7  12.1   11:55   6.7   23:27   3.3   0.0   0.2   3.3  18.0   13:13     E
18   7.0  12.0   13:29   4.3   06:58   5.0   0.0   0.0   3.3  17.0   10:44   ENE
19   6.8   9.0   14:29   4.6   21:33   5.2   0.0   4.2   5.4  24.0   20:10   ENE
20   4.4   5.4   01:03   2.7   23:48   7.6   0.0   6.2   3.8  21.0   01:35   ENE
21   3.1   8.1   12:12  -0.6   23:54   8.9   0.0   0.6   1.1  12.0   10:59    SE
22   2.9   5.6   15:06  -1.0   01:41   9.1   0.0   0.0   0.6   7.0   16:55    NE
23   6.7   8.4   13:22   4.2   00:00   5.3   0.0   0.0   1.3   8.0   14:58   ENE
24   7.8   9.4   10:49   6.7   22:41   4.2   0.0   0.2   3.6  17.0   10:59   ENE
25   6.9   8.3   12:20   5.1   19:43   5.1   0.0   0.0   3.1  17.0   11:59    NE
26   6.4   7.7   13:32   3.8   23:56   5.6   0.0   0.0   2.9  11.0   09:27     N
27   5.5   9.6   22:54   2.1   05:28   6.5   0.0   4.6   2.4  16.0   17:59   SSW
28  11.8  13.7   21:36   8.7   02:40   0.9   0.0   3.0   5.8  26.0   14:55    SW
29  11.9  14.2   12:28   9.1   22:53   0.5   0.0   1.4   7.7  33.0   13:12    SW
30   9.0  12.1   12:27   6.8   23:25   3.0   0.0   0.2   3.9  17.0   12:07    SW
----------------------------------------------------------------------------------
     8.7  16.1     6    -1.0    22   102.0   0.0 385.4   3.2  33.0    29     SSW

Max >=  35.7  0
Max <=  33.6 30
Min <= -20.6  0
Min <= -18.0  0
Max Rain: 323.8 on day 4
Days of Rain: 19 (>= 0.2 mm)  10 (>= 2.0 mm)  1 (>= 20.0 mm)
Heat Base: 12.0  Cool Base: 24.0  Method: Integration