Chelmsford Weather from CM2Weather

Forecast: Increasing clouds with little temperature change. Precipitation possible within 24 to 48 hours. Last Updated 02:20 on 13 December 2018

NOAA style reports
Select a Year or Month report

Report for 2018 Oct
                   Monthly Climatological Summary for Oct 2018

Name: CM2Weather   City: Chelmsford   State: Essex
Elevation: 66 m  Lat: N 51 42 38   Lon: E 000 28 14

                  Temperature (C), Rain (mm), Wind Speed (mph)

                                      Heat  Cool        Avg
    Mean                              Deg   Deg         Wind                 Dom
Day Temp  High   Time   Low    Time   Days  Days  Rain  Speed High   Time    Dir
----------------------------------------------------------------------------------
01  10.9  15.8   12:35   5.7   07:09   1.9   0.0   0.0   3.0  18.0   14:05   NNW
02  15.0  20.0   16:09   9.9   04:18   0.4   0.0   0.2   2.7  16.0   15:09   WNW
03  14.2  18.4   15:28  10.8   05:55   0.1   0.0   0.0   1.2  15.0   01:48   WNW
04  13.1  18.3   16:05   9.3   06:52   0.5   0.0   0.0   2.2  16.0   13:49   WSW
05  14.7  22.2   16:21   8.4   03:42   0.7   0.0   0.2   0.4   9.0   15:17    SW
06  10.7  13.2   00:00   8.3   23:57   1.4   0.0  10.6   4.6  20.0   15:50     N
07   9.7  15.4   12:21   5.0   07:14   2.9   0.0   0.2   2.8  15.0   01:03     N
08  11.7  17.3   14:42   7.5   01:52   1.7   0.0   0.0   2.4  15.0   14:39   WSW
09  14.6  21.6   14:26   8.4   07:14   0.7   0.0   0.0   2.3  14.0   15:30    SW
10  15.2  23.5   11:56   9.7   04:38   0.5   0.0   0.0   1.5  17.0   12:36   ESE
11  17.6  23.2   13:25  14.6   02:03   0.0   0.0   0.4   4.9  22.0   15:34    SW
12  18.2  22.3   14:13  13.8   02:30   0.0   0.0   0.0   8.2  26.0   17:20    SW
13  21.3  26.1   12:38  18.6   08:16   0.0   0.2   0.0   7.1  27.0   00:31    SW
14  14.4  19.4   02:08  10.5   21:24   0.4   0.0   5.0   3.6  16.0   16:19     N
15  13.3  14.8   15:35  10.9   00:00   0.1   0.0   7.4   2.3  12.0   05:36   NNE
16  16.4  22.3   12:39  13.7   23:56   0.0   0.0   0.0   2.6  18.0   15:27    SW
17  13.1  15.4   13:52  10.8   07:11   0.2   0.0   0.0   1.2   8.0   00:39   WSW
18  11.7  18.3   13:22   7.0   23:57   1.5   0.0   0.2   2.2  14.0   11:47    NE
19  10.1  17.7   13:16   6.4   08:05   2.8   0.0   0.0   1.5  10.0   12:50     N
20  11.8  19.4   13:42   5.9   03:58   2.2   0.0   0.0   0.7   9.0   13:41   WSW
21  14.3  21.2   13:39   9.2   07:59   0.6   0.0   0.2   1.6  19.0   23:55   WNW
22   9.9  15.2   12:39   6.2   22:11   2.6   0.0   0.0   4.2  18.0   00:00     N
23  10.8  16.4   13:08   6.1   00:11   2.1   0.0   0.0   2.4  16.0   12:45   WNW
24  13.1  19.8   12:31   8.2   23:59   0.6   0.0   0.0   1.0  14.0   10:09    NW
25  10.4  16.8   13:11   6.1   06:17   2.5   0.0   0.2   0.9  10.0   10:28    NW
26   8.9  12.3   13:25   4.4   23:55   3.1   0.0   0.4   2.3  20.0   14:16   WNW
27   5.1   9.7   12:53   2.4   06:05   6.9   0.0   0.0   4.9  19.0   15:13     N
28   6.1  11.8   12:10   3.4   23:15   6.1   0.0   4.4   4.1  20.0   13:46   NNE
29   5.6  10.2   13:51   2.3   06:55   6.4   0.0   0.0   3.8  15.0   14:56   NNE
30   6.9   8.9   14:41   5.1   00:00   5.1   0.0   0.2   4.0  19.0   09:09   NNW
31   8.0  14.7   10:57   2.6   06:00   4.2   0.0   0.4   1.7  14.0   11:27   SSW
----------------------------------------------------------------------------------
    12.2  26.1    13     2.3    29    58.2   0.2  30.0   2.9  27.0    13      NW

Max >=  35.7  0
Max <=  33.6 31
Min <= -20.6  0
Min <= -18.0  0
Max Rain: 10.6 on day 6
Days of Rain: 14 (>= 0.2 mm)  4 (>= 2.0 mm)  0 (>= 20.0 mm)
Heat Base: 12.0  Cool Base: 24.0  Method: Integration