Chelmsford Weather from CM2Weather

Forecast: Increasing clouds with little temperature change. Precipitation possible within 24 to 48 hours. Last Updated 01:45 on 13 December 2018

NOAA style reports
Select a Year or Month report

Report for 2018 Jun
                   Monthly Climatological Summary for Jun 2018

Name: CM2Weather   City: Chelmsford   State: Essex
Elevation: 66 m  Lat: N 51 42 38   Lon: E 000 28 14

                  Temperature (C), Rain (mm), Wind Speed (mph)

                                      Heat  Cool        Avg
    Mean                              Deg   Deg         Wind                 Dom
Day Temp  High   Time   Low    Time   Days  Days  Rain  Speed High   Time    Dir
----------------------------------------------------------------------------------
01  19.3  26.1   15:14  14.6   04:02   0.0   0.2   0.0   1.2  10.0   13:52   WSW
02  19.6  24.7   14:14  16.1   23:56   0.0   0.0   0.0   1.8  11.0   13:50   WSW
03  20.2  29.2   12:44  13.6   05:20   0.0   0.5   0.0   1.3  11.0   13:53   ESE
04  15.5  18.9   14:10  13.6   02:56   0.0   0.0   0.0   2.7  12.0   17:35   NNE
05  14.3  18.4   16:55  10.6   23:56   0.1   0.0   0.0   3.1  12.0   00:26    NE
06  15.9  23.4   12:33   8.2   03:46   0.9   0.0   0.0   2.5  13.0   13:44    NE
07  16.8  23.3   14:43  11.4   04:51   0.0   0.0   0.0   2.4  11.0   06:00    NE
08  17.5  25.6   11:54  12.5   05:06   0.0   0.0   0.0   2.4  10.0   10:43    NE
09  16.8  23.4   12:38  12.3   05:02   0.0   0.0   0.2   2.0  11.0   11:02   ENE
10  16.0  21.8   13:52  12.1   00:00   0.0   0.0   0.0   2.0  10.0   19:20   ENE
11  17.4  25.0   13:57  10.2   04:46   0.2   0.0   0.0   2.6  14.0   17:42   ENE
12  14.4  18.7   16:37  10.8   23:58   0.1   0.0   0.0   2.9  17.0   15:32   NNE
13  16.4  24.4   12:26   7.6   04:52   0.9   0.0   0.0   2.4  17.0   22:09    SW
14  17.8  24.2   15:58  14.1   03:07   0.0   0.0   0.0   4.2  20.0   07:58   WSW
15  18.7  26.3   12:58  11.7   05:20   0.0   0.1   0.0   1.1  10.0   10:44     W
16  17.3  22.7   12:21  13.5   04:35   0.0   0.0   0.0   3.0  16.0   14:08   WSW
17  16.3  20.8   12:58  12.8   03:30   0.0   0.0   0.0   3.6  16.0   12:29   WSW
18  20.4  26.8   15:52  15.4   00:00   0.0   0.4   0.0   3.3  16.0   18:06   WSW
19  21.5  27.0   14:38  17.6   03:49   0.0   0.4   0.0   2.5  12.0   06:49   WSW
20  20.3  26.5   15:19  15.1   04:41   0.0   0.3   0.0   3.0  16.0   13:35   WSW
21  16.1  20.8   12:45  10.3   05:16   0.1   0.0   0.0   4.1  17.0   08:09   NNW
22  16.3  23.5   12:17   8.7   04:47   0.5   0.0   0.0   2.9  17.0   13:18     N
23  18.0  25.2   14:03   9.9   03:46   0.3   0.1   0.0   2.2  14.0   14:23    NW
24  18.6  26.8   12:56  10.7   05:10   0.1   0.2   0.0   1.4  11.0   17:06   ESE
25  22.2  30.9   12:01  13.1   02:56   0.0   2.0   0.0   1.3  10.0   13:11    NE
26  19.9  28.4   12:25  13.0   23:55   0.0   0.6   0.0   1.8  12.0   17:13   ESE
27  18.1  25.7   12:13  12.2   01:25   0.0   0.1   0.0   2.6  12.0   23:26   ENE
28  19.6  28.4   14:16  12.1   01:59   0.0   0.7   0.0   3.6  16.0   16:19    NE
29  20.0  28.0   12:57  12.5   04:17   0.0   0.9   0.0   3.4  13.0   11:55    NE
30  20.4  27.8   12:01  13.3   01:29   0.0   0.7   0.0   3.8  17.0   13:14   ENE
----------------------------------------------------------------------------------
    18.1  30.9    25     7.6    13     3.2   7.2   0.2   2.6  20.0    14     NNE

Max >=  35.7  0
Max <=  33.6 30
Min <= -20.6  0
Min <= -18.0  0
Max Rain: 0.2 on day 9
Days of Rain: 1 (>= 0.2 mm)  0 (>= 2.0 mm)  0 (>= 20.0 mm)
Heat Base: 12.0  Cool Base: 24.0  Method: Integration