Chelmsford Weather from CM2Weather

Forecast: Increasing clouds with little temperature change. Precipitation possible within 24 to 48 hours. Last Updated 02:05 on 13 December 2018

NOAA style reports
Select a Year or Month report

Report for 2018 Mar
                   Monthly Climatological Summary for Mar 2018

Name: CM2Weather   City: Chelmsford   State: Essex
Elevation: 66 m  Lat: N 51 42 38   Lon: E 000 28 14

                  Temperature (C), Rain (mm), Wind Speed (mph)

                                      Heat  Cool        Avg
    Mean                              Deg   Deg         Wind                 Dom
Day Temp  High   Time   Low    Time   Days  Days  Rain  Speed High   Time    Dir
----------------------------------------------------------------------------------
01  -2.1   0.3   20:11  -3.8   05:47  14.1   0.0   0.0   9.4  28.0   22:57   ENE
02  -0.8   0.6   23:51  -1.4   08:02  12.8   0.0   0.0   8.3  27.0   03:35   ENE
03   2.0   3.2   22:24   0.6   00:00  10.0   0.0   3.8   4.3  16.0   18:19     E
04   5.2   9.1   10:05   2.3   00:00   6.8   0.0   4.0   1.7  10.0   10:49     S
05   6.7  11.3   13:56   4.8   05:49   5.3   0.0   0.0   2.7  14.0   16:23     S
06   7.3  12.3   12:42   2.2   23:53   4.7   0.0   0.2   1.9  11.0   02:03    SW
07   5.8  11.2   14:45   2.2   00:00   6.2   0.0   3.4   1.7  13.0   15:08     W
08   6.7  10.4   14:58   3.8   01:03   5.3   0.0   2.2   5.1  25.0   13:32   WSW
09   6.3  10.1   12:38   2.3   03:29   5.7   0.0   6.2   1.6  11.0   13:50   SSE
10  11.0  14.3   15:59   7.1   23:37   1.3   0.0   0.0   3.6  17.0   17:43   SSW
11   7.6   9.1   12:33   6.1   05:09   4.4   0.0   1.2   1.7  12.0   13:25     E
12   8.0  10.7   16:25   5.8   23:55   4.0   0.0   0.6   2.5  18.0   22:11   NNW
13   7.7  13.1   12:45   4.7   03:11   4.3   0.0   0.6   3.0  18.0   01:11    NW
14   8.3  14.4   11:18   2.7   05:55   4.0   0.0   0.0   3.6  19.0   12:26   SSE
15   8.1  10.8   15:01   6.4   05:21   3.9   0.0   3.2   2.5  21.0   00:59    SE
16  10.0  17.6   13:06   5.8   23:58   2.7   0.0   0.2   2.5  16.0   23:08   SSE
17   0.4   5.9   00:00  -1.3   21:32  11.6   0.0   0.2   6.8  25.0   11:36    NE
18   0.1   1.1   21:18  -0.7   00:00  11.9   0.0   0.0   7.0  24.0   00:53   ENE
19   1.4   4.7   13:32  -0.3   06:05  10.6   0.0   1.6   6.6  24.0   10:19    NE
20   4.8  10.9   13:02   0.5   23:47   7.2   0.0   0.4   5.1  23.0   10:24     N
21   6.0  12.9   14:23   0.1   05:54   6.1   0.0   0.0   2.3  14.0   15:57   WNW
22   8.6  14.6   12:10   5.4   00:00   3.2   0.0   0.0   3.3  14.0   23:12     W
23   9.4  15.1   12:17   5.9   06:14   2.8   0.0   0.2   5.1  23.0   04:31    SW
24   7.6   9.4   13:31   6.3   04:42   4.4   0.0   0.6   1.0   9.0   06:11     E
25   8.5  12.3   16:33   6.0   23:59   3.3   0.0   0.0   1.7  10.0   16:52     N
26   8.8  16.8   13:28   3.3   06:57   3.5   0.0   0.0   1.7  10.0   12:47     W
27   8.2  14.1   17:01   5.0   07:49   3.9   0.0   4.8   2.7  21.0   17:34   WSW
28   5.7   7.8   17:04   3.8   22:34   6.3   0.0   1.4   1.9  15.0   17:04     W
----------------------------------------------------------------------------------
     6.0  17.6    16    -3.8     1   170.3   0.0  34.8   3.6  28.0     1       E

Max >=  35.7  0
Max <=  33.6 28
Min <= -20.6  0
Min <= -18.0  0
Max Rain: 6.2 on day 9
Days of Rain: 18 (>= 0.2 mm)  7 (>= 2.0 mm)  0 (>= 20.0 mm)
Heat Base: 12.0  Cool Base: 24.0  Method: Integration