Chelmsford Weather from CM2Weather

Forecast: Increasing clouds with little temperature change. Precipitation possible within 24 to 48 hours. Last Updated 17:35 on 18 April 2019

NOAA style reports
Select a Year or Month report
V/Λ2019 > Jan Feb Mar Apr May Jun Jul Aug Sep Oct Nov Dec
V/Λ2018 > Jan Feb Mar Apr May Jun Jul Aug Sep Oct Nov Dec
V/Λ2017 > Jan Feb Mar Apr May Jun Jul Aug Sep Oct Nov Dec
V/Λ2016 > Jan Feb Mar Apr May Jun Jul Aug Sep Oct Nov Dec
V/Λ2015 > Jan Feb Mar Apr May Jun Jul Aug Sep Oct Nov Dec
V/Λ2014 > Jan Feb Mar Apr May Jun Jul Aug Sep Oct Nov Dec
V/Λ2013 > Jan Feb Mar Apr May Jun Jul Aug Sep Oct Nov Dec
V/Λ2012 > Jan Feb Mar Apr May Jun Jul Aug Sep Oct Nov Dec
V/Λ2011 > Jan Feb Mar Apr May Jun Jul Aug Sep Oct Nov Dec

Report for 2017 Nov
                   Monthly Climatological Summary for Nov 2017

Name: CM2Weather   City: Chelmsford   State: Essex
Elevation: 66 m  Lat: N 51 42 38   Lon: E 000 28 14

                  Temperature (C), Rain (mm), Wind Speed (mph)

                                      Heat  Cool        Avg
    Mean                              Deg   Deg         Wind                 Dom
Day Temp  High   Time   Low    Time   Days  Days  Rain  Speed High   Time    Dir
----------------------------------------------------------------------------------
01  10.9  15.3   14:28   6.8   23:48   1.8   0.0   0.0   1.3   9.0   10:04   SSW
02   9.2  12.4   13:33   5.6   05:05   2.9   0.0   0.0   0.3   6.0   10:18    NW
03  11.4  16.8   11:41   8.3   07:05   1.4   0.0   0.2   1.1  10.0   11:53   SSW
04  10.9  13.7   11:56   5.7   23:59   1.3   0.0   2.8   1.4  13.0   14:05   WSW
05   6.3  11.8   12:36   3.3   23:26   5.7   0.0   0.0   1.7  13.0   15:24   WNW
06   5.8  12.6   13:35   0.7   07:03   6.2   0.0   0.0   1.7  10.0   20:39   SSW
07   9.2  11.9   12:51   6.3   23:58   2.8   0.0   3.0   4.8  19.0   11:10   SSW
08   6.6   9.1   14:12   2.6   23:58   5.4   0.0   0.2   4.6  20.0   03:48   NNW
09   7.9  12.9   13:33   2.6   00:02   4.1   0.0   0.0   1.8  11.0   09:21   WSW
10   9.4  12.8   11:33   7.3   19:49   2.7   0.0   0.2   3.4  20.0   11:24     W
11   7.6  10.4   12:41   6.6   23:26   4.4   0.0   5.0   1.1  11.0   13:54    NW
12   6.5   8.8   11:46   4.5   23:59   5.5   0.0   0.4   5.4  23.0   10:04    NW
13   4.7   9.1   13:21   2.1   07:04   7.3   0.0   0.0   4.0  18.0   00:11    NW
14   8.8  11.8   14:01   4.0   00:07   3.2   0.0   0.0   2.8  11.0   04:19    SW
15  10.7  12.1   13:35   9.8   06:23   1.3   0.0   0.0   0.8   8.0   01:49   WSW
16  10.3  14.6   12:33   4.2   23:58   2.0   0.0   0.0   2.5  17.0   17:41     W
17   4.0  10.2   13:28   0.6   05:20   8.0   0.0   0.0   0.5   8.0   13:40     W
18   6.4   8.4   11:01   3.4   05:21   5.5   0.0   0.4   2.0  12.0   10:22   WSW
19   4.9   9.1   13:41   1.8   07:31   7.1   0.0   0.2   1.1   9.0   11:05     W
20  10.2  12.5   13:21   5.1   00:00   1.9   0.0   1.4   4.5  20.0   09:50    SW
21  12.7  13.8   23:44  11.9   07:01   0.0   0.0   0.2   5.3  18.0   20:29    SW
22  14.2  15.8   11:56  12.8   17:20   0.0   0.0   0.0   8.7  36.0   21:40    SW
23  11.2  15.4   00:51   7.8   23:52   1.4   0.0   4.0   6.7  34.0   02:29    SW
24   5.2   7.8   00:00   0.5   23:27   6.8   0.0   0.0   0.4   8.0   09:57    NW
25   3.0   7.2   13:35  -0.2   04:55   9.0   0.0   0.2   2.1  13.0   12:09     W
26   4.4   8.3   13:58   1.6   04:33   7.6   0.0   0.2   3.2  16.0   15:19     W
27   8.1  10.3   12:16   4.5   23:56   3.9   0.0   3.6   4.8  25.0   06:18   WSW
28   4.4   7.9   13:37   2.4   23:59   7.6   0.0   0.0   2.3  14.0   12:16   WNW
29   3.7   5.6   14:56   1.6   23:55   8.3   0.0   0.0   5.9  20.0   12:01   NNW
30   1.5   3.8   12:39  -0.3   05:03  10.5   0.0   0.2   6.1  24.0   15:36   NNW
----------------------------------------------------------------------------------
     7.7  16.8     3    -0.3    30   135.6   0.0  22.2   3.1  36.0    22       W

Max >=  35.7  0
Max <=  33.6 30
Min <= -20.6  0
Min <= -18.0  0
Max Rain: 5.0 on day 11
Days of Rain: 16 (>= 0.2 mm)  5 (>= 2.0 mm)  0 (>= 20.0 mm)
Heat Base: 12.0  Cool Base: 24.0  Method: Integration