Chelmsford Weather from CM2Weather

Forecast: Increasing clouds with little temperature change. Precipitation possible within 24 to 48 hours. Last Updated 02:20 on 13 December 2018

NOAA style reports
Select a Year or Month report

Report for 2017 Feb
                   Monthly Climatological Summary for Feb 2017

Name: CM2Weather   City: Chelmsford   State: Essex
Elevation: 66 m  Lat: N 51 42 38   Lon: E 000 28 14

                  Temperature (C), Rain (mm), Wind Speed (mph)

                                      Heat  Cool        Avg
    Mean                              Deg   Deg         Wind                 Dom
Day Temp  High   Time   Low    Time   Days  Days  Rain  Speed High   Time    Dir
----------------------------------------------------------------------------------
01   9.0  10.2   13:53   6.2   00:00   2.6   0.0   5.2   2.9  15.0   23:27   SSW
02  10.1  11.0   12:07   8.7   07:53   1.9   0.0   0.4   6.3  25.0   12:31   SSW
03   8.8  12.4   12:54   5.4   23:22   3.2   0.0   1.0   5.4  29.0   21:27   SSW
04   4.9  10.1   14:55   2.8   23:03   5.4   0.0   0.2   1.2  15.0   00:04    SW
05   4.3   7.2   14:29   1.4   06:31   7.7   0.0   0.0   2.6  14.0   16:41     N
06   5.4  10.2   12:10   1.7   07:25   6.6   0.0   3.8   1.6  10.0   02:15    SW
07   6.0  11.8   13:07   3.6   22:06   5.9   0.0   2.2   1.8  12.0   02:29   ENE
08   3.5   4.5   12:20   2.2   23:44   8.5   0.0   0.2   3.0  13.0   10:53   NNE
09   1.8   2.2   00:00   1.5   18:03  10.2   0.0   0.2   3.5  11.0   08:22    NE
10   1.7   2.2   11:54   0.9   23:37  10.3   0.0   0.2   3.8  13.0   13:05   NNE
11   1.6   2.8   15:26   0.6   06:32  10.4   0.0   1.6   3.9  13.0   11:34   NNE
12   3.1   5.3   20:57   1.1   06:06   8.9   0.0   0.6   4.7  18.0   21:34   ENE
13   5.3   8.8   12:22   3.9   06:41   6.7   0.0   0.0   6.3  21.0   11:46   ENE
14   6.9  13.4   13:14   3.3   07:37   5.1   0.0   0.0   2.2  14.0   02:23   ESE
15   8.6  12.4   13:15   5.7   04:41   3.4   0.0   1.0   2.7  21.0   17:11    SW
16   9.0  13.9   12:37   6.1   06:54   3.1   0.0   0.0   3.5  15.0   14:12   WSW
17   9.1  13.3   13:56   6.4   06:16   3.0   0.0   0.0   1.6   9.0   01:27   WSW
18   7.8  12.9   14:26   5.1   23:19   4.2   0.0   0.0   2.7  14.0   20:33    SW
19   8.7  11.9   13:56   4.9   03:37   3.3   0.0   0.0   2.8  12.0   11:25   WSW
20  12.8  18.7   13:19   9.7   00:00   0.7   0.0   0.0   4.1  18.0   13:34   WSW
21  11.7  13.9   11:35  10.6   06:29   0.5   0.0   0.0   4.5  22.0   19:19   WSW
22  12.4  14.7   13:20  10.9   23:58   0.2   0.0   0.0   7.2  24.0   01:15   WSW
23   9.3  11.6   12:30   4.4   23:57   2.6   0.0   0.2   9.8  37.0   11:04   WSW
24   6.0  11.1   12:38   3.1   20:07   6.0   0.0   0.0   3.1  18.0   09:54   WNW
25   8.4  10.3   14:26   5.4   00:38   3.6   0.0   0.0   6.7  27.0   10:58    SW
26  10.7  13.9   11:28   9.4   00:39   1.4   0.0   0.0   7.6  27.0   13:52    SW
27   7.2  10.0   00:00   3.3   21:42   4.8   0.0   9.6   5.4  21.0   16:45    SW
28   5.0   8.6   11:02   2.3   02:33   7.0   0.0   1.8   4.2  19.0   15:03   WSW
----------------------------------------------------------------------------------
     7.1  18.7    20     0.6    11   137.2   0.0  28.2   4.1  37.0    23     WSW

Max >=  35.7  0
Max <=  33.6 28
Min <= -20.6  0
Min <= -18.0  0
Max Rain: 9.6 on day 27
Days of Rain: 15 (>= 0.2 mm)  4 (>= 2.0 mm)  0 (>= 20.0 mm)
Heat Base: 12.0  Cool Base: 24.0  Method: Integration