Chelmsford Weather from CM2Weather

Forecast: Increasing clouds and warmer. Precipitation possible within 12 to 24 hours. Windy. Last Updated 05:25 on 21 April 2019

NOAA style reports
Select a Year or Month report
V/Λ2019 > Jan Feb Mar Apr May Jun Jul Aug Sep Oct Nov Dec
V/Λ2018 > Jan Feb Mar Apr May Jun Jul Aug Sep Oct Nov Dec
V/Λ2017 > Jan Feb Mar Apr May Jun Jul Aug Sep Oct Nov Dec
V/Λ2016 > Jan Feb Mar Apr May Jun Jul Aug Sep Oct Nov Dec
V/Λ2015 > Jan Feb Mar Apr May Jun Jul Aug Sep Oct Nov Dec
V/Λ2014 > Jan Feb Mar Apr May Jun Jul Aug Sep Oct Nov Dec
V/Λ2013 > Jan Feb Mar Apr May Jun Jul Aug Sep Oct Nov Dec
V/Λ2012 > Jan Feb Mar Apr May Jun Jul Aug Sep Oct Nov Dec
V/Λ2011 > Jan Feb Mar Apr May Jun Jul Aug Sep Oct Nov Dec

Report for 2016 Jul
                   Monthly Climatological Summary for Jul 2016

Name: CM2Weather   City: Chelmsford   State: Essex
Elevation: 66 m  Lat: N 51 42 38   Lon: E 000 28 14

                  Temperature (C), Rain (mm), Wind Speed (mph)

                                      Heat  Cool        Avg
    Mean                              Deg   Deg         Wind                 Dom
Day Temp  High   Time   Low    Time   Days  Days  Rain  Speed High   Time    Dir
----------------------------------------------------------------------------------
01  16.4  20.3   16:17  12.2   23:59   0.0   0.0   1.4   4.5  20.0   15:39   WSW
02  15.3  20.8   14:09  10.3   05:11   0.2   0.0   0.0   4.1  21.0   14:51   WSW
03  17.0  23.3   10:32  10.6   04:53   0.2   0.0   0.0   3.2  15.0   12:08    SW
04  18.0  25.7   12:45  11.6   04:58   0.0   0.0   0.0   3.5  17.0   13:40    SW
05  17.9  22.1   16:34  12.9   23:56   0.0   0.0   0.0   2.9  14.0   16:58   NNW
06  17.4  24.6   13:31   9.7   04:45   0.3   0.0   0.0   1.4  13.0   12:57   NNW
07  19.5  26.1   13:40  14.7   04:17   0.0   0.1   0.0   2.7  14.0   16:04    SW
08  19.1  25.0   14:41  14.9   04:43   0.0   0.0   0.0   3.5  20.0   13:41   WSW
09  19.6  26.7   13:00  15.1   04:27   0.0   0.1   0.0   4.7  22.0   12:17    SW
10  19.1  23.1   16:34  16.0   23:51   0.0   0.0   0.0   5.5  22.0   15:27    SW
11  18.3  23.4   13:25  15.0   23:54   0.0   0.0   0.0   6.1  25.0   12:24    SW
12  16.2  23.0   12:57  12.9   23:55   0.0   0.0   2.6   2.2  15.0   13:12     W
13  15.4  21.6   12:16  11.4   04:53   0.1   0.0   2.6   2.0  15.0   17:34   NNW
14  16.9  23.8   13:31  11.1   04:42   0.1   0.0   0.0   1.9  13.0   10:58   NNW
15  17.4  22.9   14:13  11.1   04:40   0.1   0.0   0.0   2.6  14.0   18:43   WSW
16  21.9  28.6   14:01  16.1   05:04   0.0   0.9   0.0   3.1  15.0   14:39   WSW
17  22.6  28.6   15:26  17.2   04:22   0.0   1.0   0.0   1.5  11.0   10:12   WSW
18  23.1  30.9   13:00  15.2   05:28   0.0   1.9   0.0   1.1  10.0   19:02   SSW
19  24.2  33.4   12:04  15.1   04:20   0.0   2.9   0.0   1.9  14.0   12:15    SE
20  24.6  30.8   17:32  19.6   01:36   0.0   2.0   0.0   3.0  22.0   10:02    SW
21  20.8  27.6   13:58  14.7   05:02   0.0   0.5   0.0   1.8   9.0   00:36   NNW
22  20.7  26.3   13:07  16.4   23:55   0.0   0.2   0.2   1.1   8.0   17:53   ESE
23  21.8  29.4   13:03  13.9   05:19   0.0   1.0   0.0   1.8  13.0   13:21     S
24  21.3  27.2   12:33  14.9   05:46   0.0   0.4   0.0   3.2  16.0   16:57   WSW
25  20.6  26.4   12:47  15.1   05:48   0.0   0.1   0.2   2.0  14.0   12:55   WSW
26  19.8  26.0   13:10  14.7   05:48   0.0   0.1   0.0   1.3  10.0   13:01   WSW
27  19.8  25.2   16:26  16.5   03:49   0.0   0.1   2.0   3.1  15.0   17:00   WSW
28  18.7  26.3   12:47  14.2   06:12   0.0   0.0   0.0   2.8  14.0   16:04   WSW
29  19.2  24.5   14:00  16.1   05:20   0.0   0.0   1.4   2.7  15.0   14:20    SW
30  18.5  24.0   13:21  14.1   23:59   0.0   0.0   0.0   1.0  11.0   16:59    NW
31  18.0  24.5   12:18  12.1   03:21   0.0   0.0   0.0   0.9  12.0   13:01    NW
----------------------------------------------------------------------------------
    19.3  33.4    19     9.7     6     1.0  11.3  10.4   2.7  25.0    11     WSW

Max >=  35.7  0
Max <=  33.6 31
Min <= -20.6  0
Min <= -18.0  0
Max Rain: 2.6 on day 12
Days of Rain: 7 (>= 0.2 mm)  3 (>= 2.0 mm)  0 (>= 20.0 mm)
Heat Base: 12.0  Cool Base: 24.0  Method: Integration