Chelmsford Weather from CM2Weather

Forecast: Increasing clouds with little temperature change. Precipitation possible within 24 to 48 hours. Last Updated 01:40 on 13 December 2018

NOAA style reports
Select a Year or Month report

Report for 2016 Jun
                   Monthly Climatological Summary for Jun 2016

Name: CM2Weather   City: Chelmsford   State: Essex
Elevation: 66 m  Lat: N 51 42 38   Lon: E 000 28 14

                  Temperature (C), Rain (mm), Wind Speed (mph)

                                      Heat  Cool        Avg
    Mean                              Deg   Deg         Wind                 Dom
Day Temp  High   Time   Low    Time   Days  Days  Rain  Speed High   Time    Dir
----------------------------------------------------------------------------------
01  11.8  12.6   14:17  10.9   23:37   0.3   0.0   2.8   7.3  24.0   22:24   NNW
02  11.2  13.3   14:38   9.6   23:48   1.0   0.0   0.0   8.2  25.0   00:51     N
03  10.9  12.9   15:55   9.1   06:31   1.2   0.0   0.0   4.8  16.0   00:33     N
14  13.7  20.9   15:18  11.1   01:47   0.2   0.0   0.0   3.4  15.0   16:45    SW
15  16.2  23.4   12:17  11.3   04:05   0.0   0.0   0.0   3.3  18.0   16:24    SW
16  15.6  24.0   11:03  11.0   05:08   0.1   0.0   1.6   1.6  12.0   12:45     S
17  14.8  20.1   13:39  11.4   00:14   0.0   0.0   0.4   2.2  15.0   13:53     N
18  14.0  16.3   14:05  11.8   22:58   0.0   0.0   0.0   2.7  13.0   05:14   NNW
19  17.4  23.3   14:56  12.3   00:00   0.0   0.0   0.0   3.6  16.0   13:50    SW
20  17.2  22.6   17:55  15.1   04:52   0.0   0.0  12.2   4.1  18.0   18:04    SW
21  18.9  24.6   13:50  13.9   05:40   0.0   0.0   0.0   2.1  11.0   09:00   WSW
22  18.8  24.1   17:05  14.1   05:18   0.0   0.0   1.0   2.6  17.0   15:16    SW
23  18.9  21.0   14:09  17.3   23:56   0.0   0.0  48.2   1.6  12.0   08:37   SSW
24  18.5  24.1   13:13  13.1   05:15   0.0   0.0   0.0   3.3  18.0   15:38    SW
25  15.8  22.4   12:33  11.2   05:07   0.0   0.0   3.8   1.6  14.0   15:12   WSW
26  16.0  22.1   14:30  11.9   01:28   0.0   0.0   0.6   1.8  15.0   15:09   WSW
27  17.8  22.6   15:06  13.9   23:58   0.0   0.0   0.8   2.1  14.0   09:54   WNW
28  16.3  24.0   12:15  11.2   03:35   0.1   0.0   1.0   2.7  17.0   22:19   SSW
29  15.2  19.2   09:57  11.2   05:20   0.0   0.0   0.2   5.4  22.0   14:48    SW
30  17.4  23.1   14:10  13.6   04:54   0.0   0.0   0.2   4.1  19.0   19:38    SW
----------------------------------------------------------------------------------
    15.8  24.6    21     9.1     3     2.9   0.0  72.8   3.4  25.0     2       W

Max >=  35.7  0
Max <=  33.6 20
Min <= -20.6  0
Min <= -18.0  0
Max Rain: 48.2 on day 23
Days of Rain: 12 (>= 0.2 mm)  4 (>= 2.0 mm)  1 (>= 20.0 mm)
Heat Base: 12.0  Cool Base: 24.0  Method: Integration