Chelmsford Weather from CM2Weather

Forecast: Increasing clouds with little temperature change. Precipitation possible within 24 to 48 hours. Last Updated 18:15 on 18 April 2019

NOAA style reports
Select a Year or Month report
V/Λ2019 > Jan Feb Mar Apr May Jun Jul Aug Sep Oct Nov Dec
V/Λ2018 > Jan Feb Mar Apr May Jun Jul Aug Sep Oct Nov Dec
V/Λ2017 > Jan Feb Mar Apr May Jun Jul Aug Sep Oct Nov Dec
V/Λ2016 > Jan Feb Mar Apr May Jun Jul Aug Sep Oct Nov Dec
V/Λ2015 > Jan Feb Mar Apr May Jun Jul Aug Sep Oct Nov Dec
V/Λ2014 > Jan Feb Mar Apr May Jun Jul Aug Sep Oct Nov Dec
V/Λ2013 > Jan Feb Mar Apr May Jun Jul Aug Sep Oct Nov Dec
V/Λ2012 > Jan Feb Mar Apr May Jun Jul Aug Sep Oct Nov Dec
V/Λ2011 > Jan Feb Mar Apr May Jun Jul Aug Sep Oct Nov Dec

Report for 2016 May
                   Monthly Climatological Summary for May 2016

Name: CM2Weather   City: Chelmsford   State: Essex
Elevation: 66 m  Lat: N 51 42 38   Lon: E 000 28 14

                  Temperature (C), Rain (mm), Wind Speed (mph)

                                      Heat  Cool        Avg
    Mean                              Deg   Deg         Wind                 Dom
Day Temp  High   Time   Low    Time   Days  Days  Rain  Speed High   Time    Dir
----------------------------------------------------------------------------------
01  10.1  18.3   09:50   0.9   05:24   8.6   0.0   0.0   2.9   0.0   00:00    SW
02  12.6  18.7   14:33   8.5   23:57   3.9   0.0   0.0   5.4   0.0   00:00    SW
03  10.3  19.4   10:21   4.5   05:35   0.2   0.0   0.0   1.6   0.0   00:00     W
04   9.6  25.9   09:33   4.5   05:32   0.5   0.0   0.0   2.0   0.0   00:00   SSW
05  13.7  26.8   09:50   6.3   05:29   1.5   0.0   0.0   1.8   0.0   00:00    SE
06  15.7  26.1   10:52   6.5   05:16   4.3   1.7   0.0   1.5   0.0   00:00     E
07  17.9  28.3   10:58   9.5   04:45   3.1   2.7   0.0   1.3   0.0   00:00   SSE
08  20.1  30.9   09:36   9.7   05:16   2.3   4.1   0.0   0.4   0.0   00:00   ESE
09  19.1  29.6   11:03  13.2   05:47   1.6   2.4   0.0  ----   0.0   00:00     N
10  15.1  16.2   00:27  14.1   06:40   3.2   0.0   6.1  ----   0.0   00:00     N
11  15.8  20.1   14:39  13.9   06:20   2.5   0.1   6.4  ----   0.0   00:00     N
12  18.3  26.3   11:14  11.4   05:40   2.4   2.4   0.0  ----  13.0   15:33   NNE
13  14.3  23.0   11:33   8.9   23:28   4.7   0.7   0.0  ----  15.0   15:11   NNW
14   9.7  14.4   08:32   4.7   23:56   8.6   0.0   0.0  ----  13.0   09:30   NNW
15  11.9  21.1   10:06   2.8   05:44   6.6   0.2   0.0  ----  12.0   17:08    NW
16  14.8  23.7   10:53   8.5   23:48   4.2   0.6   0.0  ----   5.0   17:09    SW
17  15.2  23.6   10:25   6.3   04:59   4.0   0.9   0.0  ----  10.0   19:43   WSW
18  12.4  15.7   08:46  10.9   19:57   5.6   0.0   3.3  ----  10.0   09:08    SW
19  14.6  19.5   14:22  10.4   05:41   3.8   0.1   2.0  ----   0.0   00:00     N
20  16.3  21.3   16:15  12.9   05:20   2.5   0.5   0.0  ----   0.0   00:00     N
21  15.5  20.3   11:50  12.2   01:41   2.0   0.2   0.0  ----   0.0   00:00     N
22  16.0  24.7   10:59  11.5   06:33   0.9   0.0   0.0  ----   0.0   00:00     N
23  15.1  21.9   10:38   9.8   05:48   3.6   0.4   0.0  ----   0.0   00:00     N
24  13.6  22.0   09:34   6.7   05:05   4.9   0.2   0.0  ----   0.0   00:00     N
25  10.3  13.1   13:56   8.5   04:57   8.0   0.0   0.0  ----   0.0   00:00     N
26  15.2  25.3   10:01   9.1   04:56   3.9   0.8   0.0  ----   0.0   00:00     N
27  15.8  25.2   10:56   8.2   04:44   3.8   1.2   0.0  ----   0.0   00:00     N
28  14.9  22.5   11:21   8.8   04:10   4.0   0.6   0.0  ----   0.0   00:00     N
29  14.3  20.8   17:18   8.2   04:54   4.4   0.4   0.0  ----   0.0   00:00     N
30  13.0  14.1   19:58  12.3   19:58   0.0   0.0   0.0  10.2  27.0   22:50   NNW
31  11.5  12.6   13:24  10.4   05:58   0.6   0.0  28.0   9.8  30.0   12:25   NNW
----------------------------------------------------------------------------------
    14.3  30.9     8     0.9     1   110.2  20.2  45.8   3.2  30.0    31      NW

Max >=  35.7  0
Max <=  33.6 31
Min <= -20.6  0
Min <= -18.0  0
Max Rain: 28.0 on day 31
Days of Rain: 5 (>= 0.2 mm)  5 (>= 2.0 mm)  1 (>= 20.0 mm)
Heat Base: 12.0  Cool Base: 24.0  Method: Integration