Chelmsford Weather from CM2Weather

Forecast: Increasing clouds with little temperature change. Precipitation possible within 24 to 48 hours. Last Updated 01:45 on 13 December 2018

NOAA style reports
Select a Year or Month report

Report for 2016 Mar
                   Monthly Climatological Summary for Mar 2016

Name: CM2Weather    City: Chelmsford    County: Essex 
Elevation: 0 ft  Lat: S 00 00' 00"   Lon: W 000 00' 00"

                  Temperature (C), Rain (mm), Wind Speed (mph)

                                      Heat  Cool        Avg
    Mean                              Deg   Deg         Wind                 Dom
Day Temp  High   Time   Low    Time   Days  Days  Rain  Speed High   Time    Dir
----------------------------------------------------------------------------------
 1   7.7  11.8   16:19   3.8   02:17  10.6   0.0   3.8   6.7  24.1   09:22    SW
 2   5.0   7.8   00:00   3.3   06:39  13.3   0.0   2.3   6.5  28.0   09:37   WSW
 3   5.9   9.7   13:31   2.8   07:01  12.4   0.0   1.5   5.2  30.0   02:45   WNW
 4   4.7   9.5   13:04   0.1   23:57  13.6   0.0   4.1   3.0  19.0   03:39   WSW
 5   2.1   6.1   15:05  -1.3   02:34  16.2   0.0   0.8   4.7  21.1   12:37   NNW
 6   2.9   7.6   12:39   0.3   05:01  15.4   0.0   0.5   2.9  18.1   09:22    NW
 7   2.4   5.5   15:37  -1.1   06:16  15.9   0.0   0.0   4.3  19.0   11:30   NNW
 8   3.9   8.6   15:07  -1.7   04:36  14.4   0.0   0.3   3.7  19.0   18:38    SW
 9   6.3   7.5   12:17   5.2   23:32  12.0   0.0   8.6   3.4  19.0   04:30    SE
10   5.6   9.2   15:01   0.4   23:37  12.7   0.0   0.0   1.4   8.1   10:38     N
11   3.5  10.2   14:13  -1.5   05:02  14.8   0.0   0.0   1.0   8.1   11:05   ENE
12   5.9  11.3   13:43   1.2   23:48  12.4   0.0   0.0   0.8   6.0   12:20     E
13   3.9   9.2   12:38   0.4   04:19  14.4   0.0   0.0   2.9  14.0   13:20    NE
14   5.8  10.6   14:21   2.3   23:06  12.5   0.0   0.0   5.1  20.0   14:09    NE
15   5.4   7.7   12:42   1.4   03:54  12.9   0.0   0.0   3.9  16.0   16:19   NNE
16   6.3   9.7   14:01   2.9   23:55  12.0   0.0   0.0   5.1  21.1   11:43    NE
17   5.5  11.6   12:59   0.9   04:58  12.8   0.0   0.0   2.6  17.0   11:53    NE
18   4.8   7.0   13:59   2.1   04:12  13.5   0.0   0.3   3.6  16.0   20:46     N
19   6.2   8.2   11:39   4.9   05:50  12.1   0.0   0.0   4.5  19.0   10:09   NNE
20   7.2  10.9   15:49   4.5   05:40  11.1   0.0   0.0   3.4  14.0   10:42     N
21   7.5  12.3   12:09   2.9   23:36  10.8   0.0   0.0   1.8  17.0   15:28    NW
22   6.9  14.1   12:19   1.2   05:59  11.4   0.0   0.0   1.2   9.0   14:07   NNW
23   7.4  12.9   13:07   3.7   04:01  10.9   0.0   0.0   1.2  10.0   12:59    NW
24   8.0  11.6   13:06   5.1   05:20  10.3   0.0   5.3   3.6  19.0   20:24   WSW
25   9.9  15.1   13:22   6.4   07:51   8.4   0.0   2.8   3.4  17.0   09:36     W
26   9.1  13.1   16:28   5.7   01:03   9.2   0.0   4.1   7.6  27.0   16:50   SSW
27   7.9  11.3   14:36   5.7   04:01  10.4   0.0   3.6   7.2  32.0   14:48    SW
28   8.2  13.1   14:22   3.9   08:48  10.1   0.0  11.7  10.4  39.0   08:08    SW
29   7.7  13.4   12:45   3.8   03:16  10.6   0.0   4.1   5.2  22.0   12:26   WSW
30   8.1  12.9   16:34   4.0   06:53  10.2   0.0   0.0   3.3  17.0   10:08   WSW
31   7.4  13.3   14:44   2.5   23:56  10.9   0.0   1.0   2.5  14.0   15:05     N
----------------------------------------------------------------------------------
     6.1  15.1    25    -1.7     8   378.2   0.0  54.8   3.9  39.0    28       W

Max >=  27.0:  0
Max <=   0.0:  0
Min <=   0.0:  4
Min <= -18.0:  0
Max Rain: 11.7 on day 28
Days of Rain: 16 (>= 0.2 mm)  10 (>= 2.0 mm)  0 (>= 20.0 mm)
Heat Base: 18.3  Cool Base: 18.3  Method: Integration