Chelmsford Weather from CM2Weather

Forecast: Increasing clouds with little temperature change. Precipitation possible within 24 to 48 hours. Last Updated 01:40 on 13 December 2018

NOAA style reports
Select a Year or Month report

Report for 2016 Feb
                   Monthly Climatological Summary for Feb 2016

Name: CM2Weather    City: Chelmsford    County: Essex 
Elevation: 0 ft  Lat: S 00 00' 00"   Lon: W 000 00' 00"

                  Temperature (C), Rain (mm), Wind Speed (mph)

                                      Heat  Cool        Avg
    Mean                              Deg   Deg         Wind                 Dom
Day Temp  High   Time   Low    Time   Days  Days  Rain  Speed High   Time    Dir
----------------------------------------------------------------------------------
 1  11.5  13.4   15:08   8.7   23:47   6.8   0.0   0.3   9.5  30.0   14:53   WSW
 2   7.4   9.5   13:11   4.0   23:51  10.9   0.0   0.0   6.7  25.0   00:36   WSW
 3   4.0   7.3   14:39   1.7   05:01  14.3   0.0   0.0   3.8  21.1   08:40     W
 4   8.2  11.9   13:36   3.1   00:02  10.1   0.0   0.5   3.6  19.0   07:02   WSW
 5   9.5  10.3   12:24   8.7   03:21   8.8   0.0   0.8   6.0  28.0   21:34    SW
 6  10.0  11.6   14:51   8.0   23:58   8.3   0.0   1.5  10.3  35.0   16:39   SSW
 7   6.8   9.7   13:31   4.4   07:09  11.5   0.0   7.6   7.9  34.1   21:31    SW
 8   7.3   9.5   12:43   5.5   23:54  11.0   0.0   2.0  11.4  45.0   12:47   WSW
 9   4.9   7.1   14:33   3.2   20:26  13.4   0.0   0.0   4.6  20.0   01:10   WSW
10   4.8   7.9   12:55   1.1   23:58  13.5   0.0   0.0   2.4  20.0   06:13     W
11   2.8   8.4   13:55  -0.4   06:08  15.5   0.0   0.3   1.0   8.1   13:02   WSW
12   2.4   5.1   15:43   0.1   03:38  15.9   0.0   0.0   0.6   8.1   11:24     E
13   2.6   4.6   12:52  -0.6   04:03  15.7   0.0   2.3   2.8  17.0   10:58    NE
14   3.0   5.7   12:58   0.1   23:47  15.3   0.0   0.8   5.7  22.0   10:39     N
15   1.7   5.3   14:05  -0.6   04:19  16.6   0.0   0.3   5.7  21.1   10:57   NNW
16   1.7   7.3   14:03  -3.2   07:18  16.6   0.0   0.0   2.1  12.0   12:07    SW
17   3.6   7.3   14:13   0.1   04:01  14.7   0.0   1.8   3.5  17.0   12:52   SSW
18   3.3   6.8   14:37  -0.4   20:35  15.0   0.0   0.8   2.9  14.0   10:59    NW
19   4.5   9.0   14:34  -0.2   05:08  13.8   0.0   0.3   5.1  28.0   19:38    SW
20   9.6  11.4   19:38   7.3   06:56   8.7   0.0   1.8   6.8  26.0   11:48   WSW
21  12.3  14.2   15:31  10.7   04:37   6.0   0.0   0.0   9.2  30.0   14:30   WSW
22   7.2  11.6   00:00   3.4   23:54  11.1   0.0   2.8   3.0  24.1   00:48     W
23   4.0   8.8   12:55  -1.1   23:54  14.3   0.0   0.0   2.1  13.0   09:26    NW
24   0.8   8.5   14:18  -3.7   06:38  17.5   0.0   0.0   0.2   7.0   14:40     N
25   0.9   5.3   12:16  -2.4   01:39  17.4   0.0   0.0   1.3  12.0   13:40    NW
26   1.9   7.0   14:25  -2.2   01:34  16.4   0.0   0.0   1.0  10.0   14:46     E
27   3.4   5.4   12:11   2.0   04:42  14.9   0.0   0.0   4.6  20.0   12:20   NNE
28   3.8   7.7   13:54   1.3   03:34  14.5   0.0   0.0   5.0  20.0   14:41   NNE
29   3.7   9.2   12:57  -0.9   06:48  14.6   0.0   0.0   1.8  12.0   10:34     N
----------------------------------------------------------------------------------
     5.1  14.2    21    -3.7    24   383.1   0.0  23.9   4.5  45.0     8     WSW

Max >=  27.0:  0
Max <=   0.0:  0
Min <=   0.0: 11
Min <= -18.0:  0
Max Rain: 7.6 on day 7
Days of Rain: 15 (>= 0.2 mm)  4 (>= 2.0 mm)  0 (>= 20.0 mm)
Heat Base: 18.3  Cool Base: 18.3  Method: Integration