Chelmsford Weather from CM2Weather

Forecast: Increasing clouds with little temperature change. Precipitation possible within 24 to 48 hours. Last Updated 18:10 on 18 April 2019

NOAA style reports
Select a Year or Month report
V/Λ2019 > Jan Feb Mar Apr May Jun Jul Aug Sep Oct Nov Dec
V/Λ2018 > Jan Feb Mar Apr May Jun Jul Aug Sep Oct Nov Dec
V/Λ2017 > Jan Feb Mar Apr May Jun Jul Aug Sep Oct Nov Dec
V/Λ2016 > Jan Feb Mar Apr May Jun Jul Aug Sep Oct Nov Dec
V/Λ2015 > Jan Feb Mar Apr May Jun Jul Aug Sep Oct Nov Dec
V/Λ2014 > Jan Feb Mar Apr May Jun Jul Aug Sep Oct Nov Dec
V/Λ2013 > Jan Feb Mar Apr May Jun Jul Aug Sep Oct Nov Dec
V/Λ2012 > Jan Feb Mar Apr May Jun Jul Aug Sep Oct Nov Dec
V/Λ2011 > Jan Feb Mar Apr May Jun Jul Aug Sep Oct Nov Dec

Report for 2016 Jan
                   Monthly Climatological Summary for Jan 2016

Name: CM2Weather    City: Chelmsford    County: Essex 
Elevation: 0 ft  Lat: S 00 00' 00"   Lon: W 000 00' 00"

                  Temperature (C), Rain (mm), Wind Speed (mph)

                                      Heat  Cool        Avg
    Mean                              Deg   Deg         Wind                 Dom
Day Temp  High   Time   Low    Time   Days  Days  Rain  Speed High   Time    Dir
----------------------------------------------------------------------------------
 1   4.6   7.3   23:59   0.3   07:51  13.7   0.0   1.8   1.8  14.0   20:09    SE
 2   9.0  10.1   11:08   7.2   00:27   9.3   0.0   1.5   3.8  18.1   20:21   SSW
 3   7.1   9.2   00:38   4.5   07:53  11.2   0.0  12.4   4.2  19.0   02:00    SW
 4   6.5   9.2   13:15   4.9   07:05  11.8   0.0   1.0   3.4  13.0   10:00   SSW
 5   7.1   8.8   13:35   5.6   00:17  11.2   0.0   3.6   1.4  14.0   01:47   SSW
 6   5.4   6.4   13:14   4.3   06:45  12.9   0.0   0.3   0.6   7.0   10:51   NNW
 7   6.0   9.3   11:54   2.7   23:35  12.3   0.0  11.4   4.7  28.0   15:17   WSW
 8   5.1   8.7   12:51   1.8   08:04  13.2   0.0   0.0   3.3  17.0   12:35    SW
 9   7.9   9.6   12:13   6.0   07:26  10.4   0.0   4.3   5.5  26.0   21:46   SSW
10   5.4   7.2   13:03   4.0   22:22  12.9   0.0   0.8   5.3  24.1   00:35    SW
11   5.3   6.6   05:12   3.6   21:52  13.0   0.0   9.4   2.4  24.1   05:40    SW
12   4.5   6.2   12:32   3.1   03:18  13.8   0.0   1.5   5.0  21.1   11:32   WSW
13   3.8   5.5   14:03   1.9   07:48  14.5   0.0   1.3   3.6  17.0   03:54   WSW
14   2.8   4.4   00:00   1.3   07:55  15.5   0.0   1.3   5.6  25.0   14:19     W
15   1.5   3.9   14:40   0.3   08:09  16.8   0.0   0.0   4.0  20.0   10:26   WNW
16   0.7   3.3   14:30  -0.8   08:12  17.6   0.0   0.0   1.6  11.0   09:56   WNW
17   2.2   5.2   13:28   0.2   00:50  16.1   0.0   0.0   1.3  11.0   13:09   SSE
18   1.3   4.0   12:26  -3.5   23:56  17.0   0.0   0.0   1.3  17.0   01:04   SSE
19  -1.6   2.9   14:28  -4.2   07:49  19.9   0.0   0.3   0.3   4.0   12:57    SW
20   0.7   4.8   14:46  -2.8   23:03  17.6   0.0   0.0   0.3   4.9   13:15     W
21   1.5   6.3   14:56  -2.6   05:40  16.8   0.0   0.0   2.1  13.0   14:36    SW
22   5.8   8.5   15:59   2.9   00:00  12.5   0.0   1.8   4.3  16.0   09:13    SW
23   6.9   9.3   13:03   4.6   05:48  11.4   0.0   1.3   3.7  18.1   23:37    SW
24  11.2  14.2   13:46   7.4   00:00   7.1   0.0   0.0   4.4  18.1   00:45    SW
25  10.4  13.0   14:11   7.3   23:49   7.9   0.0   0.3   5.6  30.0   18:06    SW
26   8.8  11.1   22:55   5.5   03:54   9.5   0.0   0.0   8.1  32.0   18:31    SW
27  11.0  13.0   11:42   6.6   23:52   7.3   0.0   4.1   8.7  30.0   13:07    SW
28   5.6   8.9   23:50   2.1   06:14  12.7   0.0   0.0   5.0  24.1   19:57   WSW
29  10.8  11.6   12:10   8.9   00:00   7.5   0.0   0.3  10.4  31.1   03:42    SW
30   6.7  10.7   00:00   3.8   23:50  11.6   0.0   3.8   5.9  28.0   03:09   WSW
31   7.9  12.0   19:15   3.1   00:50  10.4   0.0   1.3   5.1  25.0   21:24   WSW
----------------------------------------------------------------------------------
     5.5  14.2    24    -4.2    19   395.4   0.0  63.8   4.0  32.0    26      SW

Max >=  27.0:  0
Max <=   0.0:  0
Min <=   0.0:  5
Min <= -18.0:  0
Max Rain: 12.4 on day 3
Days of Rain: 21 (>= 0.2 mm)  7 (>= 2.0 mm)  0 (>= 20.0 mm)
Heat Base: 18.3  Cool Base: 18.3  Method: Integration