Chelmsford Weather from CM2Weather

Forecast: Increasing clouds with little temperature change. Precipitation possible within 24 to 48 hours. Last Updated 01:40 on 13 December 2018

NOAA style reports
Select a Year or Month report

Report for 2015 Aug
                   Monthly Climatological Summary for Aug 2015

Name: CM2Weather    City: Chelmsford    County: Essex 
Elevation: 0 ft  Lat: S 00 00' 00"   Lon: W 000 00' 00"

                  Temperature (C), Rain (mm), Wind Speed (mph)

                                      Heat  Cool        Avg
    Mean                              Deg   Deg         Wind                 Dom
Day Temp  High   Time   Low    Time   Days  Days  Rain  Speed High   Time    Dir
----------------------------------------------------------------------------------
 1  17.1  24.2   14:54  10.3   05:45   1.2   0.0   0.0   1.8  13.0   12:39   WSW
 2  17.8  25.0   15:18  11.8   05:16   0.5   0.0   0.0   1.6  13.0   17:36   SSW
 3  20.3  25.8   13:07  15.4   04:42   0.0   2.0   0.0   5.1  20.0   12:39    SW
 4  17.0  22.7   18:29  13.7   06:18   1.3   0.0   0.0   3.9  19.0   10:34   WSW
 5  17.6  22.3   11:20  14.2   01:24   0.7   0.0   0.3   1.8  14.0   14:01   SSW
 6  18.7  24.7   14:35  14.3   00:00   0.0   0.4   0.0   3.2  16.0   15:49    SW
 7  18.0  25.1   13:56  11.1   05:50   0.3   0.0   0.0   1.4  11.0   21:07    NE
 8  18.3  24.8   13:39  12.7   05:46   0.0   0.0   0.0   1.8  12.0   14:43     E
 9  21.0  28.5   14:35  12.8   05:33   0.0   2.7   0.0   2.3  14.0   16:53   WSW
10  20.8  26.0   12:50  16.4   03:25   0.0   2.5   0.0   3.5  20.0   17:02   WSW
11  17.6  21.7   15:28  13.8   05:16   0.7   0.0   0.3   0.7   4.9   07:22   ENE
12  17.3  21.5   13:30  14.2   05:54   1.0   0.0   0.3   3.4  14.0   16:50    NE
13  17.6  20.2   18:52  14.8   01:10   0.7   0.0   6.4   3.3  17.0   09:37   NNE
14  18.7  21.3   13:54  16.1   23:27   0.0   0.4   0.5   2.6  14.0   11:55    SW
15  16.8  21.1   15:23  13.1   23:58   1.5   0.0   0.3   1.5  13.0   12:22   NNW
16  14.6  19.1   17:49  10.4   03:29   3.7   0.0   0.0   0.7   7.0   17:15   NNE
17  15.7  20.7   12:31  10.3   06:19   2.6   0.0   0.0   2.0  13.0   16:10   NNW
18  14.3  15.8   14:25  13.3   02:50   4.0   0.0   3.6   1.0  10.0   11:54   WSW
19  17.7  22.9   13:07  12.8   06:23   0.6   0.0   0.8   3.4  16.0   16:55    SW
20  18.4  22.6   14:18  14.8   01:19   0.0   0.1   2.5   3.3  13.0   16:12    SW
21  21.5  26.3   17:10  18.1   05:53   0.0   3.2   0.0   4.3  17.0   12:25    SW
22  22.5  29.9   14:49  14.7   06:34   0.0   4.2   0.0   2.0  18.1   14:07   ESE
23  19.1  23.1   12:25  14.2   23:51   0.0   0.8   2.0   2.9  17.0   14:44   SSW
24  14.2  15.8   13:17  12.3   03:28   4.1   0.0  11.7   2.1  13.0   16:10     N
25  14.6  18.4   10:55  11.6   05:53   3.7   0.0   5.1   4.5  18.1   12:19    SW
26  16.7  19.1   14:22  13.5   23:51   1.6   0.0   8.1   6.3  27.0   15:01    SW
27  15.4  19.4   16:32  12.7   23:54   2.9   0.0   0.3   3.9  19.0   13:11    SW
28  16.0  21.8   15:26  10.7   04:24   2.3   0.0   0.0   3.4  18.1   14:48    SW
29  16.9  22.4   11:52  13.5   03:00   1.4   0.0   1.5   1.6  11.0   10:57   SSW
30  16.4  19.1   14:26  14.7   06:51   1.9   0.0   0.0   2.6  11.0   09:38     N
31  14.4  15.4   00:31  13.5   22:26   3.9   0.0   8.4   3.5  18.1   19:54     N
----------------------------------------------------------------------------------
    17.5  29.9    22    10.3     1    40.6  16.3  52.1   2.7  27.0    26     WSW

Max >=  27.0:  2
Max <=   0.0:  0
Min <=   0.0:  0
Min <= -18.0:  0
Max Rain: 11.7 on day 24
Days of Rain: 16 (>= 0.2 mm)  8 (>= 2.0 mm)  0 (>= 20.0 mm)
Heat Base: 18.3  Cool Base: 18.3  Method: Integration