Chelmsford Weather from CM2Weather

Forecast: Increasing clouds with little temperature change. Precipitation possible within 24 to 48 hours. Last Updated 02:30 on 13 December 2018

NOAA style reports
Select a Year or Month report

Report for 2015 Jul
                   Monthly Climatological Summary for Jul 2015

Name: CM2Weather    City: Chelmsford    County: Essex 
Elevation: 0 ft  Lat: S 00 00' 00"   Lon: W 000 00' 00"

                  Temperature (C), Rain (mm), Wind Speed (mph)

                                      Heat  Cool        Avg
    Mean                              Deg   Deg         Wind                 Dom
Day Temp  High   Time   Low    Time   Days  Days  Rain  Speed High   Time    Dir
----------------------------------------------------------------------------------
 1  24.8  31.2   12:32  17.4   00:06   0.0   6.5   0.0   1.8  13.0   16:05   ESE
 2  22.4  27.3   15:57  16.7   23:59   0.0   4.1   0.0   1.4  12.0   17:56    SW
 3  19.0  24.9   12:28  12.7   05:29   0.0   0.7   0.0   2.6  14.0   18:04   ENE
 4  22.8  29.4   14:36  17.0   23:56   0.0   4.5  12.7   2.6  17.0   01:38   WSW
 5  17.2  21.8   16:09  14.5   23:50   1.1   0.0   3.8   1.1  11.0   15:01   WSW
 6  18.4  24.3   14:01  12.2   04:58   0.0   0.1   0.0   2.4  13.0   14:39    SW
 7  18.4  24.1   13:02  13.8   04:47   0.0   0.1   0.0   2.8  22.0   13:40   WSW
 8  16.1  20.2   13:50  12.1   23:56   2.2   0.0   2.8   3.1  21.1   17:40     W
 9  16.0  22.7   16:26   9.4   05:06   2.3   0.0   0.0   1.0  14.0   17:41    NW
10  19.4  25.7   13:23  12.4   05:17   0.0   1.1   0.0   2.0  13.0   17:53   SSW
11  20.9  27.3   14:43  14.1   05:44   0.0   2.6   0.0   1.1  16.0   14:27   WSW
12  18.4  22.2   16:00  15.5   05:30   0.0   0.1   0.3   3.1  18.1   18:14   WSW
13  17.6  19.4   15:30  16.1   04:08   0.7   0.0   2.3   2.2  17.0   23:28   WSW
14  19.0  22.9   15:43  16.6   05:45   0.0   0.7   0.0   1.6  12.0   16:30   WSW
15  19.6  23.1   16:33  17.2   05:04   0.0   1.3   0.0   1.8  13.0   14:38    NW
16  18.4  22.2   16:01  15.5   05:24   0.0   0.1   0.0   3.3  16.0   15:01   ENE
17  19.8  25.9   15:32  14.6   05:28   0.0   1.5   0.0   3.2  20.0   15:32   WSW
18  19.2  24.9   14:57  12.2   05:39   0.0   0.9   0.0   1.7  12.0   14:03   WSW
19  19.3  25.2   15:22  14.0   07:29   0.0   1.0   0.5   2.0  20.0   14:42   WSW
20  17.8  23.8   17:16  11.4   03:52   0.5   0.0   1.0   2.0  17.0   14:50    SW
21  20.5  27.2   14:55  13.5   05:34   0.0   2.2   0.0   3.3  16.0   19:43   WSW
22  18.6  24.4   12:21  14.3   23:58   0.0   0.3   0.0   1.8  17.0   16:19   WSW
23  17.3  23.3   14:21  10.9   05:37   1.0   0.0   0.0   0.9  11.0   12:21   WSW
24  15.3  17.9   10:55  12.8   17:52   3.0   0.0  14.5   1.1  12.0   15:26    NE
25  17.5  20.3   16:49  13.0   11:23   0.8   0.0  14.5   2.1  18.1   12:17    NW
26  13.8  15.6   08:49  11.9   04:22   4.5   0.0   5.8   3.7  17.0   11:45    SW
27  16.6  21.0   13:50  14.2   00:23   1.7   0.0   0.6   6.4  24.1   16:02   WSW
28  16.5  21.1   14:37  13.3   23:38   1.8   0.0   0.0   5.0  21.1   01:38   WSW
29  15.1  20.3   16:49  10.2   05:24   3.2   0.0   0.0   1.9  16.0   13:32     W
30  14.7  18.9   14:24  10.9   06:02   3.6   0.0   0.0   1.6  13.0   08:55   NNW
31  15.7  23.1   14:54   7.9   05:33   2.6   0.0   0.0   1.5  11.0   11:11   SSW
----------------------------------------------------------------------------------
    18.3  31.2     1     7.9    31    29.0  27.8  58.8   2.3  24.1    27     WSW

Max >=  27.0:  5
Max <=   0.0:  0
Min <=   0.0:  0
Min <= -18.0:  0
Max Rain: 14.5 on day 24
Days of Rain: 11 (>= 0.2 mm)  7 (>= 2.0 mm)  0 (>= 20.0 mm)
Heat Base: 18.3  Cool Base: 18.3  Method: Integration