Chelmsford Weather from CM2Weather

Forecast: Increasing clouds and warmer. Precipitation possible within 12 to 24 hours. Windy. Last Updated 05:50 on 21 April 2019

NOAA style reports
Select a Year or Month report
V/Λ2019 > Jan Feb Mar Apr May Jun Jul Aug Sep Oct Nov Dec
V/Λ2018 > Jan Feb Mar Apr May Jun Jul Aug Sep Oct Nov Dec
V/Λ2017 > Jan Feb Mar Apr May Jun Jul Aug Sep Oct Nov Dec
V/Λ2016 > Jan Feb Mar Apr May Jun Jul Aug Sep Oct Nov Dec
V/Λ2015 > Jan Feb Mar Apr May Jun Jul Aug Sep Oct Nov Dec
V/Λ2014 > Jan Feb Mar Apr May Jun Jul Aug Sep Oct Nov Dec
V/Λ2013 > Jan Feb Mar Apr May Jun Jul Aug Sep Oct Nov Dec
V/Λ2012 > Jan Feb Mar Apr May Jun Jul Aug Sep Oct Nov Dec
V/Λ2011 > Jan Feb Mar Apr May Jun Jul Aug Sep Oct Nov Dec

Report for 2015 Mar
                   Monthly Climatological Summary for Mar 2015

Name: CM2Weather    City: Chelmsford    County: Essex 
Elevation: 0 ft  Lat: S 00 00' 00"   Lon: W 000 00' 00"

                  Temperature (C), Rain (mm), Wind Speed (mph)

                                      Heat  Cool        Avg
    Mean                              Deg   Deg         Wind                 Dom
Day Temp  High   Time   Low    Time   Days  Days  Rain  Speed High   Time    Dir
----------------------------------------------------------------------------------
 1   7.9  11.1   13:18   3.4   23:58  10.4   0.0   1.8   7.5  30.0   02:33   WSW
 2   4.4   8.2   12:56   1.7   04:28  13.9   0.0   0.0   4.5  22.0   15:13     W
 3   5.0   9.4   12:34   2.7   02:24  13.3   0.0   0.3   4.3  19.0   21:36   WSW
 4   4.8   9.8   13:47   1.4   04:31  13.5   0.0   0.0   3.6  20.0   15:19   WNW
 5   5.9  11.8   13:22   0.5   05:15  12.4   0.0   0.0   2.0  14.0   10:14     W
 6   8.1  12.8   14:04   5.5   07:24  10.2   0.0   0.0   3.7  18.1   10:46    SW
 7   9.8  16.3   14:54   6.0   00:00   8.5   0.0   0.0   5.3  21.1   09:47    SW
 8   9.0  15.2   13:04   4.3   23:57   9.3   0.0   0.0   3.4  18.1   11:59   WSW
 9   6.5  10.2   14:48   0.3   05:38  11.8   0.0   0.0   3.2  19.0   16:23    SW
10   7.1  11.6   15:00   2.4   23:54  11.2   0.0   0.0   1.6  12.0   10:49    NW
11   6.5  12.9   13:24   0.9   04:26  11.8   0.0   0.0   1.4  14.0   13:12   SSW
12   8.3  13.6   12:57   4.0   05:58  10.0   0.0   0.0   1.6  14.0   15:16   SSE
13   7.0  11.6   12:15   2.6   22:42  11.3   0.0   0.0   2.9  17.0   23:23   ENE
14   5.1   9.0   14:00   2.4   00:38  13.2   0.0   0.0   5.6  19.0   15:49   NNE
15   5.3   6.6   14:48   4.5   03:01  13.0   0.0   0.5   4.5  14.0   08:03    NE
16   5.8   8.4   14:38   4.5   22:24  12.5   0.0   3.0   2.6  11.0   09:51   ENE
17   7.1  11.3   15:06   4.6   01:56  11.2   0.0  11.7   2.2  11.0   12:19   NNE
18   5.9   8.9   15:48   3.3   02:12  12.4   0.0   0.0   3.5  13.0   14:20     N
19   6.1   7.5   14:26   4.9   23:17  12.2   0.0   0.0   4.2  17.0   13:52     N
20   6.6  11.1   15:50   4.1   03:50  11.7   0.0   0.0   1.9  12.0   01:55     N
21   6.2   7.9   00:00   4.0   05:31  12.1   0.0   0.0   4.7  19.0   09:02     N
22   4.4   7.0   14:02   1.8   21:20  13.9   0.0   0.0   2.3  14.0   00:45    NE
23   6.4  12.0   14:11  -0.1   05:05  11.9   0.0   0.0   1.7  14.0   09:22     W
24   6.3  10.1   13:07   1.8   23:59  12.0   0.0   0.8   1.6  11.0   14:53    NW
25   4.5  10.3   15:21  -0.1   05:12  13.8   0.0   0.0   1.8  14.0   10:52    NW
26   6.5  11.4   15:46   3.2   01:24  11.8   0.0   3.8   5.3  22.0   08:10     W
27   7.4  12.1   12:36   2.9   05:53  10.9   0.0   0.0   2.8  18.1   00:18     W
28  10.3  14.0   11:57   5.7   00:44   8.0   0.0   0.0   5.9  29.0   12:40   WSW
29   9.8  13.1   15:19   7.3   23:59   8.5   0.0   6.1   7.1  33.0   15:15   WSW
30   8.1  11.8   13:53   4.7   05:44  10.2   0.0   0.8   5.1  24.1   23:57     W
31   9.6  13.3   14:25   3.8   22:46   8.7   0.0   0.8   8.1  31.1   00:50     W
----------------------------------------------------------------------------------
     6.8  16.3     7    -0.1    23   355.6   0.0  29.6   3.8  33.0    29       W

Max >=  27.0:  0
Max <=   0.0:  0
Min <=   0.0:  2
Min <= -18.0:  0
Max Rain: 11.7 on day 17
Days of Rain: 10 (>= 0.2 mm)  4 (>= 2.0 mm)  0 (>= 20.0 mm)
Heat Base: 18.3  Cool Base: 18.3  Method: Integration