Chelmsford Weather from CM2Weather

Forecast: Increasing clouds with little temperature change. Precipitation possible within 24 to 48 hours. Last Updated 17:50 on 18 April 2019

NOAA style reports
Select a Year or Month report
V/Λ2019 > Jan Feb Mar Apr May Jun Jul Aug Sep Oct Nov Dec
V/Λ2018 > Jan Feb Mar Apr May Jun Jul Aug Sep Oct Nov Dec
V/Λ2017 > Jan Feb Mar Apr May Jun Jul Aug Sep Oct Nov Dec
V/Λ2016 > Jan Feb Mar Apr May Jun Jul Aug Sep Oct Nov Dec
V/Λ2015 > Jan Feb Mar Apr May Jun Jul Aug Sep Oct Nov Dec
V/Λ2014 > Jan Feb Mar Apr May Jun Jul Aug Sep Oct Nov Dec
V/Λ2013 > Jan Feb Mar Apr May Jun Jul Aug Sep Oct Nov Dec
V/Λ2012 > Jan Feb Mar Apr May Jun Jul Aug Sep Oct Nov Dec
V/Λ2011 > Jan Feb Mar Apr May Jun Jul Aug Sep Oct Nov Dec

Report for 2014 Nov
                   Monthly Climatological Summary for Nov 2014

Name: CM2Weather    City: Chelmsford    County: Essex 
Elevation: 0 ft  Lat: S 00 00' 00"   Lon: W 000 00' 00"

                  Temperature (C), Rain (mm), Wind Speed (mph)

                                      Heat  Cool        Avg
    Mean                              Deg   Deg         Wind                 Dom
Day Temp  High   Time   Low    Time   Days  Days  Rain  Speed High   Time    Dir
----------------------------------------------------------------------------------
 1  14.1  17.3   13:47  11.6   21:01   4.2   0.0   0.0   3.7  16.0   17:17    SW
 2  13.1  15.4   11:08   9.9   22:50   5.2   0.0   3.6   4.8  20.0   06:27    SW
 3   8.4   9.9   00:00   5.8   23:53   9.9   0.0   8.9   2.6  18.1   04:52    SW
 4   6.9   9.4   14:49   4.4   08:01  11.4   0.0   0.3   0.7   9.0   21:10     W
 5   6.4   9.9   14:29   3.5   23:55  11.9   0.0   0.0   2.4  13.0   15:38    NW
 6   6.7  11.1   14:39   1.1   07:29  11.6   0.0   0.0   3.0  19.0   17:21    SW
 7  10.4  12.3   12:05   7.3   22:39   7.9   0.0   2.5   5.5  28.0   14:42    SW
 8  10.2  13.5   12:00   6.2   06:34   8.1   0.0   7.4   4.3  26.0   12:53    SW
 9   9.0  10.9   13:33   6.2   20:45   9.3   0.0   3.0   1.1  10.0   23:56    SW
10   9.2  12.5   12:48   6.6   03:06   9.1   0.0   0.3   2.9  20.0   12:06    SW
11  10.7  12.8   13:07   8.7   07:20   7.6   0.0   0.3   2.7  16.0   12:36   SSE
12  10.7  12.0   11:40   7.9   20:51   7.6   0.0   1.5   3.1  18.1   09:47   SSW
13  10.5  12.0   21:15   8.5   07:04   7.8   0.0   0.3   2.6  16.0   14:48   SSW
14  10.0  12.4   14:40   6.0   22:05   8.3   0.0   7.9   1.8  17.0   04:55   SSE
15   8.2  11.1   14:46   5.8   05:06  10.1   0.0   0.5   0.2   6.0   13:28    SE
16   8.6  10.4   13:54   6.6   01:50   9.7   0.0   4.8   0.7  11.0   16:48     N
17   7.9   9.8   13:11   6.8   06:22  10.4   0.0   2.5   1.9  10.0   02:07     E
18   8.6  11.2   12:23   6.8   08:08   9.7   0.0   1.3   2.4  12.0   13:03   NNE
19   7.9  10.6   14:05   4.8   23:40  10.4   0.0   0.3   0.5   7.0   13:51     E
20   6.7  10.3   13:25   4.8   00:00  11.6   0.0   0.0   1.0  10.0   14:06    NE
21   7.8   9.0   12:02   5.3   00:17  10.5   0.0   0.5   2.1  16.0   22:29     E
22  11.4  12.8   11:54   8.7   00:00   6.9   0.0   2.5   0.9   8.1   01:28   SSW
23   8.5  12.5   00:00   3.4   23:57   9.8   0.0  19.3   1.9  12.0   11:21   NNW
24   2.8   5.9   14:40   0.8   06:38  15.5   0.0   0.0   0.6   7.0   09:59     W
25   5.0   8.5   14:29   0.4   01:37  13.3   0.0   1.3   2.1  13.0   15:18    NE
26   8.5   9.2   14:07   7.7   01:47   9.8   0.0   6.3   0.4   4.9   00:37   ENE
27   9.8  10.4   11:33   8.9   00:00   8.5   0.0   1.0   0.8   7.0   09:44    SE
28  10.3  11.6   14:32   9.2   00:00   8.0   0.0   0.0   3.1  13.0   13:32   ENE
29   9.0  11.3   13:11   5.4   22:25   9.3   0.0   0.0   1.8  12.0   10:18     E
30   7.9   9.7   12:05   4.6   01:59  10.4   0.0   0.3   2.6  17.0   23:00   NNW
----------------------------------------------------------------------------------
     8.8  17.3     1     0.4    25   283.8   0.0  76.6   2.1  28.0     7     SSW

Max >=  27.0:  0
Max <=   0.0:  0
Min <=   0.0:  0
Min <= -18.0:  0
Max Rain: 19.3 on day 23
Days of Rain: 23 (>= 0.2 mm)  11 (>= 2.0 mm)  0 (>= 20.0 mm)
Heat Base: 18.3  Cool Base: 18.3  Method: Integration