Chelmsford Weather from CM2Weather

Forecast: Increasing clouds with little temperature change. Precipitation possible within 24 to 48 hours. Last Updated 17:30 on 18 April 2019

NOAA style reports
Select a Year or Month report
V/Λ2019 > Jan Feb Mar Apr May Jun Jul Aug Sep Oct Nov Dec
V/Λ2018 > Jan Feb Mar Apr May Jun Jul Aug Sep Oct Nov Dec
V/Λ2017 > Jan Feb Mar Apr May Jun Jul Aug Sep Oct Nov Dec
V/Λ2016 > Jan Feb Mar Apr May Jun Jul Aug Sep Oct Nov Dec
V/Λ2015 > Jan Feb Mar Apr May Jun Jul Aug Sep Oct Nov Dec
V/Λ2014 > Jan Feb Mar Apr May Jun Jul Aug Sep Oct Nov Dec
V/Λ2013 > Jan Feb Mar Apr May Jun Jul Aug Sep Oct Nov Dec
V/Λ2012 > Jan Feb Mar Apr May Jun Jul Aug Sep Oct Nov Dec
V/Λ2011 > Jan Feb Mar Apr May Jun Jul Aug Sep Oct Nov Dec

Report for 2014 Jun
                   Monthly Climatological Summary for Jun 2014

Name: CM2Weather    City: Chelmsford    County: Essex 
Elevation: 0 ft  Lat: S 00 00' 00"   Lon: W 000 00' 00"

                  Temperature (C), Rain (mm), Wind Speed (mph)

                                      Heat  Cool        Avg
    Mean                              Deg   Deg         Wind                 Dom
Day Temp  High   Time   Low    Time   Days  Days  Rain  Speed High   Time    Dir
----------------------------------------------------------------------------------
 1  16.4  21.6   11:28  11.8   23:40   1.9   0.0   0.0   1.1  10.0   17:15   ENE
 2  15.1  18.7   12:17  11.5   01:49   3.2   0.0   0.5   0.8   9.0   16:08   SSW
 3  14.7  18.7   16:40  12.6   05:28   3.6   0.0   1.3   1.8  13.0   13:23   WSW
 4  12.4  14.8   12:34   7.4   23:45   5.9   0.0   2.3   2.3  16.0   16:24   WSW
 5  14.7  20.7   15:14   7.0   00:44   3.6   0.0   0.5   3.5  19.0   08:06     W
 6  16.1  21.7   12:35   8.2   05:12   2.2   0.0   0.0   2.2  16.0   12:49     E
 7  18.1  23.3   14:58  13.9   02:42   0.2   0.0   3.0   2.4  17.0   10:25   WSW
 8  19.9  26.3   12:54  12.9   05:25   0.0   1.6   0.0   1.5  14.0   12:59    SW
 9  19.4  26.3   16:03  13.4   03:14   0.0   1.1   0.0   1.8  16.0   14:23    SW
10  19.8  24.7   12:37  13.8   23:58   0.0   1.5   0.0   3.6  20.0   17:33   WSW
11  18.1  24.1   11:58  10.7   04:53   0.2   0.0   0.0   1.6  14.0   11:53     W
12  19.8  26.7   15:02  11.8   04:34   0.0   1.5   0.0   0.5   8.1   12:22   WSW
13  19.9  26.4   14:35  12.4   05:14   0.0   1.6   0.0   0.5  14.0   19:12    NE
14  16.5  19.1   16:17  12.6   23:56   1.8   0.0   0.3   1.7  13.0   14:17    NE
15  14.8  17.9   14:20  12.5   23:56   3.5   0.0   0.0   2.5  14.0   13:22    NE
16  14.1  16.7   13:57  11.7   01:11   4.2   0.0   0.0   1.8  17.0   14:51   NNE
----------------------------------------------------------------------------------
    16.9  26.7    12     7.0     5    30.3   7.3   7.9   1.8  20.0    10       W

Max >=  27.0:  0
Max <=   0.0:  0
Min <=   0.0:  0
Min <= -18.0:  0
Max Rain: 3.0 on day 7
Days of Rain: 6 (>= 0.2 mm)  2 (>= 2.0 mm)  0 (>= 20.0 mm)
Heat Base: 18.3  Cool Base: 18.3  Method: Integration