Chelmsford Weather from CM2Weather

Forecast: Increasing clouds with little temperature change. Precipitation possible within 24 to 48 hours. Last Updated 17:40 on 18 April 2019

NOAA style reports
Select a Year or Month report
V/Λ2019 > Jan Feb Mar Apr May Jun Jul Aug Sep Oct Nov Dec
V/Λ2018 > Jan Feb Mar Apr May Jun Jul Aug Sep Oct Nov Dec
V/Λ2017 > Jan Feb Mar Apr May Jun Jul Aug Sep Oct Nov Dec
V/Λ2016 > Jan Feb Mar Apr May Jun Jul Aug Sep Oct Nov Dec
V/Λ2015 > Jan Feb Mar Apr May Jun Jul Aug Sep Oct Nov Dec
V/Λ2014 > Jan Feb Mar Apr May Jun Jul Aug Sep Oct Nov Dec
V/Λ2013 > Jan Feb Mar Apr May Jun Jul Aug Sep Oct Nov Dec
V/Λ2012 > Jan Feb Mar Apr May Jun Jul Aug Sep Oct Nov Dec
V/Λ2011 > Jan Feb Mar Apr May Jun Jul Aug Sep Oct Nov Dec

Report for 2014 Apr
                   Monthly Climatological Summary for Apr 2014

Name: CM2Weather    City: Chelmsford    County: Essex 
Elevation: 0 ft  Lat: S 00 00' 00"   Lon: W 000 00' 00"

                  Temperature (C), Rain (mm), Wind Speed (mph)

                                      Heat  Cool        Avg
    Mean                              Deg   Deg         Wind                 Dom
Day Temp  High   Time   Low    Time   Days  Days  Rain  Speed High   Time    Dir
----------------------------------------------------------------------------------
 1  12.7  21.9   13:31   5.7   06:30   5.6   0.0   0.0   0.6  10.0   17:39   WNW
 2  11.7  17.3   14:24   7.3   05:02   6.6   0.0   0.0   2.5  12.0   13:59   ENE
 3  13.1  18.1   13:51   9.6   06:33   5.2   0.0   0.0   2.4  12.0   10:35     E
 4  11.8  14.8   15:55   9.0   22:38   6.5   0.0   0.0   2.1  13.0   07:17     W
 5  12.0  18.1   13:40   6.0   06:17   6.3   0.0   0.0   4.1  19.0   12:15    SW
 6  13.8  15.6   13:21  12.6   04:46   4.5   0.0   1.5   6.4  21.1   16:40   WSW
 7  12.7  14.2   14:07   7.7   23:58   5.6   0.0   3.3   5.1  19.0   21:02    SW
 8   9.2  13.9   15:10   5.4   06:54   9.1   0.0   0.0   4.7  20.0   03:55     W
 9  11.2  18.5   14:21   4.7   05:30   7.1   0.0   0.3   2.1  16.0   12:54     W
10  11.8  17.8   14:58   5.5   06:26   6.5   0.0   0.0   1.1   8.1   11:37   WNW
11  12.2  18.7   15:51   7.9   23:16   6.1   0.0   0.0   1.3  12.0   08:05     N
12  10.6  15.5   11:36   6.4   04:52   7.7   0.0   0.0   2.9  19.0   13:00     W
13  11.9  17.2   13:59   7.2   06:35   6.4   0.0   0.0   2.8  13.0   10:47   WNW
14  10.8  17.8   14:06   4.9   23:47   7.5   0.0   0.0   2.9  16.0   16:23   NNW
15   7.5  14.2   14:10   1.4   06:31  10.8   0.0   0.0   1.7  13.0   09:46   ENE
16   8.5  15.4   13:33   1.1   06:22   9.8   0.0   0.0   1.2  13.0   14:47   ESE
17  11.9  19.7   12:42   6.1   00:59   6.4   0.0   0.0   2.9  16.0   10:42   WNW
18   9.0  12.9   14:01   4.2   06:15   9.3   0.0   0.0   2.8  16.0   10:13   NNE
19   8.7  13.0   14:59   5.3   06:12   9.6   0.0   0.0   3.8  16.0   08:24    NE
20   9.8  13.7   10:45   6.4   00:00   8.5   0.0  10.2   3.6  18.1   10:44    NE
21  12.7  19.9   14:01   6.4   03:15   5.6   0.0   2.8   2.1  17.0   18:50   ENE
22  12.1  16.4   14:09   9.4   23:57   6.2   0.0   0.3   2.6  21.1   14:03   WSW
23  12.9  18.4   11:55   7.0   06:14   5.4   0.0   0.0   1.9  13.0   14:36    SW
24  12.9  18.2   14:30   9.6   23:04   5.4   0.0   0.3   1.1  10.0   14:58     E
25  11.2  16.2   13:02   8.1   03:24   7.1   0.0   0.8   2.4  12.0   15:10   NNE
26  10.8  15.3   16:53   7.4   02:39   7.5   0.0   0.8   3.3  17.0   10:41    SW
27   9.9  14.4   14:52   6.4   04:25   8.4   0.0   0.0   2.2  13.0   14:55     E
----------------------------------------------------------------------------------
    11.2  21.9     1     1.1    16   190.7   0.0  20.3   2.7  21.1     6     WNW

Max >=  27.0:  0
Max <=   0.0:  0
Min <=   0.0:  0
Min <= -18.0:  0
Max Rain: 10.2 on day 20
Days of Rain: 9 (>= 0.2 mm)  3 (>= 2.0 mm)  0 (>= 20.0 mm)
Heat Base: 18.3  Cool Base: 18.3  Method: Integration