Chelmsford Weather from CM2Weather

Forecast: Increasing clouds with little temperature change. Precipitation possible within 24 to 48 hours. Last Updated 02:10 on 13 December 2018

NOAA style reports
Select a Year or Month report

Report for 2014 Jan
                   Monthly Climatological Summary for Jan 2014

Name: CM2Weather    City: Chelmsford    County: Essex 
Elevation: 0 ft  Lat: S 00 00' 00"   Lon: W 000 00' 00"

                  Temperature (C), Rain (mm), Wind Speed (mph)

                                      Heat  Cool        Avg
    Mean                              Deg   Deg         Wind                 Dom
Day Temp  High   Time   Low    Time   Days  Days  Rain  Speed High   Time    Dir
----------------------------------------------------------------------------------
 1   8.0  10.3   20:55   5.2   00:10  10.3   0.0   7.1   8.1  30.0   18:17    SW
 2   7.9  10.1   00:00   5.7   08:04  10.4   0.0   4.4   4.8  20.0   00:49   WSW
 3   7.9   9.9   00:00   5.9   18:44  10.4   0.0   5.1   8.2  33.0   13:29   WSW
 4   7.1   9.2   11:06   3.2   23:41  11.2   0.0   2.8   5.3  24.1   11:55    SW
 5   5.2  11.1   23:55   1.4   07:54  13.1   0.0   3.3   4.8  27.0   23:09    SW
 6  10.5  12.2   02:40   8.5   08:45   7.8   0.0   3.3   8.5  26.0   13:29   WSW
 7   9.5  10.6   09:30   7.8   22:42   8.8   0.0   6.3   7.5  27.0   07:32   WSW
 8   8.5  10.6   23:52   6.4   07:04   9.8   0.0   0.8   3.6  16.0   04:18   WSW
 9   7.8  11.2   02:11   3.6   23:49  10.5   0.0   1.0   6.0  27.0   04:16   WSW
10   5.6   9.2   14:19   2.1   08:04  12.7   0.0   0.8   3.3  17.0   18:05   WSW
11   4.8   7.6   05:31  -0.4   23:55  13.5   0.0   1.5   2.4  14.0   05:17     W
12   2.9   7.9   23:57  -2.3   02:43  15.4   0.0   1.3   2.2  14.0   12:30    SW
13   7.8   8.7   00:49   6.6   02:08  10.5   0.0   0.5   6.3  20.0   01:26   WSW
----------------------------------------------------------------------------------
     7.2  12.2     6    -2.3    12   144.4   0.0  38.2   5.4  33.0     3     WSW

Max >=  27.0:  0
Max <=   0.0:  0
Min <=   0.0:  2
Min <= -18.0:  0
Max Rain: 7.1 on day 1
Days of Rain: 13 (>= 0.2 mm)  7 (>= 2.0 mm)  0 (>= 20.0 mm)
Heat Base: 18.3  Cool Base: 18.3  Method: Integration