Chelmsford Weather from CM2Weather

Forecast: Increasing clouds with little temperature change. Precipitation possible within 24 to 48 hours. Last Updated 01:45 on 13 December 2018

NOAA style reports
Select a Year or Month report

Report for 2014
                   Annual Climatological Summary for 2014

Name: CM2Weather    City: Chelmsford    County: Essex 
Elevation: 0 ft  Lat: S 00 00' 00"   Lon: W 000 00' 00"

                  Temperature (C), Heat Base: 18.3  Cool Base: 18.3
                          Dep.  Heat  Cool                       Max  Max  Min  Min
        Mean  Mean        From  Deg   Deg                        >=   <=   <=   <=
 YR MO  Max   Min   Mean  Norm  Days  Days  Hi  Date  Low  Date 27.0  0.0  0.0 -18.0
------------------------------------------------------------------------------------
 14  1   9.9   4.1   7.2   0.0   144     0  12.2   6  -2.3   12    0    0    2    0
 14  2   8.6   4.4   6.4   0.0   106     0   9.6   2   2.7    3    0    0    0    0
 14  3  14.0   3.7   8.1   0.0   315     0  20.4  30  -1.2   24    0    0    1    0
 14  4  16.6   6.6  11.2   0.0   190     0  21.9   1   1.1   16    0    0    0    0
 14  5  18.5   8.9  13.5   0.0   150     0  24.7  19   0.8    3    0    0    0    0
 14  6  21.7  11.5  16.9   0.0    30     7  26.7  12   7.0    5    0    0    0    0
 14  7  24.6  14.2  18.9   0.0    16    30  30.9  18   9.0    2    6    0    0    0
 14  8  23.9  15.5  18.4   0.0     1     1  25.3   1  15.3    2    0    0    0    0
 14  9  20.9  11.9  15.6   0.0    82     0  24.8  18   6.9   22    0    0    0    0
 14 10  16.7  10.3  13.1   0.0   162     0  21.3   3   4.2    5    0    0    0    0
 14 11  11.2   6.1   8.8   0.0   283     0  17.3   1   0.4   25    0    0    0    0
 14 12   8.1   2.8   5.2   0.0   405     0  13.3  18  -1.8   30    0    0    8    0
------------------------------------------------------------------------------------
        16.2   8.4  11.9   0.0  1888    39  30.9 Jul  -2.3  Jan    6    0   11    0

                                Precipitation (mm)

              Dep.   Max        Days of Rain
              From   Obs.           >=
 YR MO Total  Norm   Day Date  0.2  2.0 20.0
---------------------------------------------
 14  1  38.2   0.0   7.1   1    13    7    0
 14  2  31.0   0.0   9.9   6     7    5    0
 14  3  18.8   0.0   5.1   2    13    5    0
 14  4  20.3   0.0  10.2  20     9    3    0
 14  5  46.4   0.0  11.7  27    14   10    0
 14  6   7.9   0.0   3.0   7     6    2    0
 14  7  57.2   0.0  18.6  18    13    8    0
 14  8   6.3   0.0   6.3   2     1    1    0
 14  9  45.8   0.0  41.9  19     5    1    1
 14 10  74.3   0.0  21.1  13    20   12    1
 14 11  76.6   0.0  19.3  23    23   11    0
 14 12  38.8   0.0   9.1  26    22    4    0
---------------------------------------------
       461.6   0.0  41.9  Sep  146   69    2

                                Wind Speed (mph)
                          Dom
 YR MO   Avg.  Hi   Date  Dir
------------------------------
 14  1   5.4  33.0    3   WSW
 14  2   6.2  36.0    8    SW
 14  3   3.1  29.0   22     W
 14  4   2.7  21.1    6     W
 14  5   2.5  28.0    9   WSW
 14  6   1.8  20.0   10     W
 14  7   2.0  21.1   18   WNW
 14  8   1.7  14.0    1    SW
 14  9   1.3  17.0   25   NNE
 14 10   2.6  31.1   21    SW
 14 11   2.1  28.0    7   SSW
 14 12   4.0  30.0   22     W
------------------------------
         3.0  36.0  Feb   WSW