Chelmsford Weather from CM2Weather

Forecast: Increasing clouds with little temperature change. Precipitation possible within 24 to 48 hours. Last Updated 02:20 on 13 December 2018

NOAA style reports
Select a Year or Month report

Report for 2013 Oct
                   Monthly Climatological Summary for Oct 2013

Name: CM2Weather    City: Chelmsford    County: Essex 
Elevation: 0 ft  Lat: S 00 00' 00"   Lon: W 000 00' 00"

                  Temperature (C), Rain (mm), Wind Speed (mph)

                                      Heat  Cool        Avg
    Mean                              Deg   Deg         Wind                 Dom
Day Temp  High   Time   Low    Time   Days  Days  Rain  Speed High   Time    Dir
----------------------------------------------------------------------------------
 1  12.9  17.0   11:53   8.4   02:42   5.4   0.0   0.0   2.2  18.1   12:11     E
 2  14.4  16.2   16:46  12.5   07:39   3.9   0.0   4.1   1.4  14.0   08:32   ESE
 3  14.7  17.3   11:57  12.3   05:00   3.6   0.0   4.3   1.5  14.0   10:22   ESE
 4  16.9  20.2   15:27  13.5   23:08   1.4   0.0   2.3   3.6  20.0   13:09   WSW
 5  15.1  18.5   12:30  12.1   23:59   3.2   0.0   0.0   0.3   6.0   00:01     W
 6  13.2  20.8   12:58   8.1   07:20   5.1   0.0   0.0   0.8  11.0   14:43   WSW
 7  13.8  19.6   13:54  10.4   04:24   4.5   0.0   0.0   1.7  11.0   09:16     W
 8  15.6  21.0   13:43  12.1   01:58   2.7   0.0   0.0   1.9  13.0   10:05     W
 9  13.0  17.2   13:10   7.1   23:58   5.3   0.0   0.0   1.2  13.0   12:37   WNW
10   8.8  11.8   14:26   6.8   03:25   9.5   0.0   0.0   4.7  19.0   16:09   NNW
11  10.5  12.7   16:57   7.7   02:39   7.8   0.0  13.8   4.9  25.0   16:37   NNE
12  10.8  13.8   12:59   8.0   19:57   7.5   0.0   5.3   1.8  20.0   02:55    NE
13   9.7  12.0   14:49   7.6   21:04   8.6   0.0   8.1   2.0  11.0   04:12   WNW
14   9.0  10.4   14:03   8.2   00:00   9.3   0.0   1.3   2.5  18.1   03:03   WSW
15   9.4  12.1   15:15   7.4   23:52   8.9   0.0   0.0   0.8  11.0   08:17     W
16   9.0  12.2   16:54   5.3   06:26   9.3   0.0   4.6   1.7  18.1   23:07   WSW
17  12.9  18.4   14:27   9.7   23:20   5.4   0.0   0.0   2.4  18.1   02:39     W
18  12.2  15.2   14:07   9.7   00:03   6.1   0.0   0.3   1.6  12.0   21:42    SE
19  13.6  15.8   13:17  12.1   05:46   4.7   0.0   1.3   2.1  13.0   16:33    SW
20  13.1  16.9   14:16  11.2   21:17   5.2   0.0   4.3   3.4  19.0   13:41    SW
21  14.4  16.9   14:18  11.9   00:00   3.9   0.0   0.5   4.2  21.1   13:07    SW
22  15.4  16.7   10:03  14.1   23:59   2.9   0.0   8.4   3.7  16.0   10:48    SW
23  13.5  16.7   13:29   8.8   23:59   4.8   0.0   1.5   4.5  24.1   12:49   WSW
24  10.7  17.0   13:54   5.3   06:37   7.6   0.0   0.0   0.9  12.0   23:24   SSE
25  14.8  19.1   13:09  12.7   03:22   3.5   0.0   1.0   3.7  24.1   13:29    SW
26  14.5  16.9   12:32  13.0   21:23   3.8   0.0   0.8   5.6  28.0   23:34   WSW
27  13.1  15.7   13:08  10.4   07:41   5.2   0.0   6.6   6.9  29.0   13:16   WSW
28  13.3  15.3   05:03   8.1   23:47   5.0   0.0  14.0   8.8  40.0   06:17   WSW
29   8.3  12.6   12:53   5.6   23:52  10.0   0.0   0.0   3.3  16.0   01:39     W
30   8.8  13.6   13:00   3.9   06:45   9.5   0.0   0.0   3.2  17.0   22:15    SW
31  11.6  12.7   00:00  10.7   18:10   6.7   0.0   2.0   3.7  18.1   00:39   WSW
----------------------------------------------------------------------------------
    12.5  21.0     8     3.9    30   180.3   0.0  84.5   2.8  40.0    28     WSW

Max >=  27.0:  0
Max <=   0.0:  0
Min <=   0.0:  0
Min <= -18.0:  0
Max Rain: 14.0 on day 28
Days of Rain: 19 (>= 0.2 mm)  12 (>= 2.0 mm)  0 (>= 20.0 mm)
Heat Base: 18.3  Cool Base: 18.3  Method: Integration