Chelmsford Weather from CM2Weather

Forecast: Increasing clouds with little temperature change. Precipitation possible within 24 to 48 hours. Last Updated 02:05 on 13 December 2018

NOAA style reports
Select a Year or Month report

Report for 2013 Jul
                   Monthly Climatological Summary for Jul 2013

Name: CM2Weather    City: Chelmsford    County: Essex 
Elevation: 0 ft  Lat: S 00 00' 00"   Lon: W 000 00' 00"

                  Temperature (C), Rain (mm), Wind Speed (mph)

                                      Heat  Cool        Avg
    Mean                              Deg   Deg         Wind                 Dom
Day Temp  High   Time   Low    Time   Days  Days  Rain  Speed High   Time    Dir
----------------------------------------------------------------------------------
 1  17.6  22.9   13:01  12.5   03:37   0.7   0.0   0.0   1.9  16.0   10:10     W
 2  14.9  17.9   08:44  11.3   05:13   3.4   0.0   0.0   2.0  13.0   12:47    SW
 3  16.9  21.1   14:20  13.3   23:44   1.4   0.0   1.3   1.6  13.0   00:07     W
 4  18.1  25.7   13:36  11.6   04:57   0.2   0.0   0.0   2.5  18.1   11:58     W
 5  18.5  26.7   13:02  12.3   05:00   0.0   0.2   0.0   0.7  10.0   19:04    SE
 6  19.2  26.9   12:24  10.9   05:01   0.0   0.9   0.0   0.8  11.0   12:44   ESE
 7  20.6  29.0   13:35  12.8   05:00   0.0   2.3   0.0   0.3  11.0   16:39   ENE
 8  19.7  26.9   13:27  12.7   05:47   0.0   1.4   0.0   3.2  14.0   13:10    NE
 9  18.1  26.7   14:42  10.4   05:27   0.2   0.0   0.0   1.9  12.0   12:25    NE
10  17.5  24.3   15:54  11.4   04:48   0.8   0.0   0.0   3.0  14.0   13:59    NE
11  15.5  22.4   15:23  11.7   04:38   2.8   0.0   0.0   2.6  13.0   11:54    NE
12  16.5  24.4   16:04  11.1   02:53   1.8   0.0   0.0   1.0   8.1   06:08   ENE
13  20.5  30.1   12:18  12.8   01:55   0.0   2.2   0.0   0.5   8.1   14:10   ESE
14  21.7  30.1   14:24  15.3   04:50   0.0   3.4   0.0   0.5   8.1   15:48   NNE
15  22.4  31.9   13:13  13.9   05:27   0.0   4.1   0.0   0.4   8.1   19:23     E
16  22.2  31.6   13:54  14.9   05:13   0.0   3.9   0.0   0.4  10.0   16:30    SE
17  23.0  31.8   12:53  16.1   05:50   0.0   4.7   0.0   0.9  12.0   17:32   ESE
18  20.8  28.0   13:18  15.0   05:33   0.0   2.5   0.0   2.2  14.0   12:19   ENE
19  20.6  27.7   14:32  13.3   04:57   0.0   2.3   0.0   3.1  14.0   10:23   ENE
20  18.0  22.1   15:38  15.2   03:41   0.3   0.0   0.0   3.6  16.0   17:24    NE
21  19.4  25.5   16:37  15.7   06:17   0.0   1.1   0.0   2.1  11.0   05:40   ENE
22  22.8  30.9   12:58  15.3   05:20   0.0   4.5   0.0   1.7  11.0   16:05     E
23  21.1  25.4   15:58  18.2   04:59   0.0   2.8   7.9   1.2  12.0   12:38     E
24  22.0  28.8   16:33  15.3   05:46   0.0   3.7   0.0   2.6  15.0   16:22   WSW
25  21.0  26.7   15:20  16.6   03:27   0.0   2.7   3.3   2.5  19.0   17:15   WSW
26  20.8  28.2   15:12  15.0   05:36   0.0   2.5   0.0   0.8  10.0   14:21   SSW
27  20.5  28.1   14:05  14.8   04:50   0.0   2.2   5.6   1.1  12.0   15:55   ENE
28  19.9  25.4   13:38  14.8   05:50   0.0   1.6   1.6   4.8  25.0   15:10   WSW
29  19.6  24.7   13:35  15.6   05:59   0.0   1.3   0.8   4.8  22.0   17:55   WSW
30  16.8  19.6   18:34  15.3   05:16   1.5   0.0   8.4   2.5  13.0   11:40   WSW
31  16.7  19.5   09:05  15.4   05:47   1.6   0.0   0.0   2.6  12.0   08:03   WSW
----------------------------------------------------------------------------------
    19.4  31.9    15    10.4     9    14.7  50.3  28.9   1.9  25.0    28       N

Max >=  27.0: 12
Max <=   0.0:  0
Min <=   0.0:  0
Min <= -18.0:  0
Max Rain: 8.4 on day 30
Days of Rain: 7 (>= 0.2 mm)  4 (>= 2.0 mm)  0 (>= 20.0 mm)
Heat Base: 18.3  Cool Base: 18.3  Method: Integration