Chelmsford Weather from CM2Weather

Forecast: Increasing clouds and warmer. Precipitation possible within 12 to 24 hours. Windy. Last Updated 05:20 on 21 April 2019

NOAA style reports
Select a Year or Month report
V/Λ2019 > Jan Feb Mar Apr May Jun Jul Aug Sep Oct Nov Dec
V/Λ2018 > Jan Feb Mar Apr May Jun Jul Aug Sep Oct Nov Dec
V/Λ2017 > Jan Feb Mar Apr May Jun Jul Aug Sep Oct Nov Dec
V/Λ2016 > Jan Feb Mar Apr May Jun Jul Aug Sep Oct Nov Dec
V/Λ2015 > Jan Feb Mar Apr May Jun Jul Aug Sep Oct Nov Dec
V/Λ2014 > Jan Feb Mar Apr May Jun Jul Aug Sep Oct Nov Dec
V/Λ2013 > Jan Feb Mar Apr May Jun Jul Aug Sep Oct Nov Dec
V/Λ2012 > Jan Feb Mar Apr May Jun Jul Aug Sep Oct Nov Dec
V/Λ2011 > Jan Feb Mar Apr May Jun Jul Aug Sep Oct Nov Dec

Report for 2013 Feb
                   Monthly Climatological Summary for Feb 2013

Name: CM2Weather    City: Chelmsford    County: Essex 
Elevation: 0 ft  Lat: S 00 00' 00"   Lon: W 000 00' 00"

                  Temperature (C), Rain (mm), Wind Speed (mph)

                                      Heat  Cool        Avg
    Mean                              Deg   Deg         Wind                 Dom
Day Temp  High   Time   Low    Time   Days  Days  Rain  Speed High   Time    Dir
----------------------------------------------------------------------------------
 1   4.8   7.2   00:00   1.5   22:15  13.5   0.0   5.1   2.4  18.1   00:24   WSW
 2   2.5   4.9   15:00  -0.9   23:51  15.8   0.0   0.3   6.1  20.0   10:04    NW
 3   4.1   8.0   20:55  -1.1   00:19  14.2   0.0   0.0   4.8  22.0   10:22    SW
 4   7.8   9.9   12:58   5.2   22:52  10.5   0.0   0.0   6.6  27.0   08:40   WSW
 5   3.3   5.6   00:00   1.1   07:50  15.0   0.0   3.3   6.7  25.0   13:04   WSW
 6   3.3   5.4   12:39   0.9   23:49  15.0   0.0   4.1   7.5  25.0   12:40    NW
 7   1.9   5.7   14:36  -0.2   23:32  16.4   0.0   0.0   3.9  18.1   01:19   WNW
 8   1.5   5.2   13:34  -1.6   05:52  16.8   0.0   0.0   3.3  17.0   21:39   WNW
 9   1.8   4.9   12:45  -1.8   06:40  16.5   0.0   0.5   0.9  12.0   00:00     W
10   2.1   3.3   07:49   0.1   20:54  16.2   0.0   9.1   3.9  20.0   14:49   ESE
11   0.5   1.0   12:51   0.1   00:00  17.8   0.0   3.8   3.9  14.0   22:33    NE
12   0.6   1.3   11:34   0.1   23:24  17.7   0.0   1.8   3.0  12.0   02:53   NNE
13   0.0   1.7   23:54  -3.0   05:39  18.3   0.0   1.3   2.9  14.0   11:50     S
14   5.8  10.1   14:10   1.8   00:00  12.5   0.0  10.9   4.3  22.0   04:32    SW
15   5.7   9.9   13:57   2.3   07:03  12.6   0.0   0.0   1.8  11.0   13:37     W
16   5.7  10.1   13:43   0.5   23:58  12.6   0.0   0.0   0.2   4.9   13:55    SW
17   2.4   8.4   12:13  -2.3   05:20  15.9   0.0   0.0   1.5  12.0   16:34     E
18   3.3   7.2   13:20  -0.3   07:19  15.0   0.0   0.0   1.4  12.0   00:51     E
19   2.0   8.9   13:40  -3.3   06:44  16.3   0.0   0.3   1.0   8.1   13:47   NNW
20   2.5   3.9   04:10   1.2   23:51  15.8   0.0   0.0   5.4  22.0   17:42    NE
21   0.8   1.6   14:29   0.1   20:52  17.5   0.0   0.0   5.3  19.0   21:32    NE
22   0.3   1.7   13:41  -0.4   04:44  18.0   0.0   0.0   6.0  20.0   11:12   NNE
23   0.3   1.5   15:12  -0.7   03:29  18.0   0.0   0.0   4.4  16.0   12:51   NNE
24   0.8   2.2   15:22   0.1   02:51  17.5   0.0   0.0   5.1  17.0   14:21   NNW
25   2.4   3.6   14:01   0.4   01:11  15.9   0.0   0.6   5.4  20.0   21:02     N
26   3.4   4.2   13:49   2.2   00:00  14.9   0.0   0.3   5.1  17.0   03:46   NNE
27   3.0   6.0   15:52   1.6   06:02  15.3   0.0   0.3   5.6  18.1   21:28   NNE
28   3.9   8.2   14:22   1.6   03:03  14.4   0.0   0.0   5.1  19.0   10:14   NNE
----------------------------------------------------------------------------------
     2.7  10.1    14    -3.3    19   435.9   0.0  41.7   4.1  27.0     4     NNW

Max >=  27.0:  0
Max <=   0.0:  0
Min <=   0.0: 11
Min <= -18.0:  0
Max Rain: 10.9 on day 14
Days of Rain: 14 (>= 0.2 mm)  6 (>= 2.0 mm)  0 (>= 20.0 mm)
Heat Base: 18.3  Cool Base: 18.3  Method: Integration