Chelmsford Weather from CM2Weather

Forecast: Increasing clouds with little temperature change. Precipitation possible within 24 to 48 hours. Last Updated 01:45 on 13 December 2018

NOAA style reports
Select a Year or Month report

Report for 2012 Nov
                   Monthly Climatological Summary for Nov 2012

Name: CM2Weather    City: Chelmsford    County: Essex 
Elevation: 0 ft  Lat: S 00 00' 00"   Lon: W 000 00' 00"

                  Temperature (C), Rain (mm), Wind Speed (mph)

                                      Heat  Cool        Avg
    Mean                              Deg   Deg         Wind                 Dom
Day Temp  High   Time   Low    Time   Days  Days  Rain  Speed High   Time    Dir
----------------------------------------------------------------------------------
 1   6.9  10.6   00:23   3.2   23:26  11.4   0.0   8.9   3.9  22.0   02:33    SW
 2   5.8  10.8   14:19   3.4   00:00  12.5   0.0   0.5   3.7  17.0   13:16    SW
 3   5.3   8.8   13:32   2.9   23:59  13.0   0.0   1.5   3.3  18.1   07:52    SW
 4   5.1   8.4   13:15   1.6   01:20  13.2   0.0  18.3   2.4  21.1   15:23   WSW
 5   5.0   8.3   13:21   2.2   23:30  13.3   0.0   0.0   1.6  11.0   13:21    NW
 6   5.0   8.8   12:35   0.5   05:03  13.3   0.0   0.8   3.4  18.1   18:25     W
 7   7.3   9.7   12:30   4.4   07:07  11.0   0.0   0.0   3.9  17.0   12:43   WSW
 8   8.9  11.7   12:07   7.3   04:09   9.4   0.0   0.0   3.7  19.0   03:32   WSW
 9   8.5  11.1   13:59   6.6   08:19   9.8   0.0   0.0   2.5  18.1   11:54   SSW
10   8.1   9.9   12:44   4.2   23:34  10.2   0.0   1.3   2.1  16.0   08:05    SW
11   4.4   8.8   14:02   1.4   07:44  13.9   0.0   0.3   1.5   8.1   12:59     W
12   7.9  11.1   22:48   3.1   02:35  10.4   0.0   1.5   3.3  16.0   13:41    SW
13  11.5  14.5   13:38   8.8   06:55   6.8   0.0   0.0   3.1  14.0   14:19    SW
14   9.4  11.6   13:56   5.5   23:53   8.9   0.0   0.0   1.1  10.0   08:53   ESE
15   6.3   7.2   13:32   5.1   07:20  12.0   0.0   0.3   0.4   6.0   03:12   ESE
16   6.5   8.0   23:58   5.3   01:41  11.8   0.0   0.5   1.3  10.0   22:45     S
17   9.4  12.0   10:35   6.1   23:41   8.9   0.0   0.3   2.3  13.0   09:09   WSW
18   3.8   7.0   14:29   1.4   06:19  14.5   0.0   0.3   0.8   7.0   06:18     W
19   7.2  11.1   13:00   2.0   01:16  11.1   0.0   0.0   3.9  19.0   14:09   SSW
20  11.3  12.9   13:07  10.1   02:52   7.0   0.0   1.0   6.2  20.0   15:15   SSW
21   8.5  10.9   00:00   5.5   22:12   9.8   0.0   6.1   3.5  26.0   16:13    SW
22  10.1  12.9   12:34   5.6   00:11   8.2   0.0   1.3   8.3  31.1   21:35   SSW
23   7.0  10.2   00:00   4.9   23:58  11.3   0.0   7.9   2.6  27.0   00:19    SW
24   5.9   9.4   23:48   0.9   06:10  12.4   0.0  10.7   2.4  17.0   19:06     E
25   9.3  11.8   02:19   6.4   08:54   9.0   0.0   1.3   8.5  39.0   06:55    SW
26   8.1   9.5   12:43   7.1   22:02  10.2   0.0  17.5   1.6  12.0   00:03    SW
27   6.8   7.9   12:16   4.9   23:59  11.5   0.0   4.6   4.4  20.0   16:13     N
28   4.6   6.0   11:36   1.7   23:40  13.7   0.0   0.5   5.9  19.0   10:06   NNW
29   2.2   4.9   13:21  -0.1   22:00  16.1   0.0   0.0   4.3  16.0   01:07    NW
30   0.2   2.8   13:49  -1.5   08:03  18.1   0.0   0.3   1.3   8.1   11:03   WNW
----------------------------------------------------------------------------------
     6.9  14.5    13    -1.5    30   342.7   0.0  85.7   3.2  39.0    25      SW

Max >=  27.0:  0
Max <=   0.0:  0
Min <=   0.0:  2
Min <= -18.0:  0
Max Rain: 18.3 on day 4
Days of Rain: 22 (>= 0.2 mm)  7 (>= 2.0 mm)  0 (>= 20.0 mm)
Heat Base: 18.3  Cool Base: 18.3  Method: Integration