Chelmsford Weather from CM2Weather

Forecast: Increasing clouds with little temperature change. Precipitation possible within 24 to 48 hours. Last Updated 17:35 on 18 April 2019

NOAA style reports
Select a Year or Month report
V/Λ2019 > Jan Feb Mar Apr May Jun Jul Aug Sep Oct Nov Dec
V/Λ2018 > Jan Feb Mar Apr May Jun Jul Aug Sep Oct Nov Dec
V/Λ2017 > Jan Feb Mar Apr May Jun Jul Aug Sep Oct Nov Dec
V/Λ2016 > Jan Feb Mar Apr May Jun Jul Aug Sep Oct Nov Dec
V/Λ2015 > Jan Feb Mar Apr May Jun Jul Aug Sep Oct Nov Dec
V/Λ2014 > Jan Feb Mar Apr May Jun Jul Aug Sep Oct Nov Dec
V/Λ2013 > Jan Feb Mar Apr May Jun Jul Aug Sep Oct Nov Dec
V/Λ2012 > Jan Feb Mar Apr May Jun Jul Aug Sep Oct Nov Dec
V/Λ2011 > Jan Feb Mar Apr May Jun Jul Aug Sep Oct Nov Dec

Report for 2012 Oct
                   Monthly Climatological Summary for Oct 2012

Name: CM2Weather    City: Chelmsford    County: Essex 
Elevation: 0 ft  Lat: S 00 00' 00"   Lon: W 000 00' 00"

                  Temperature (C), Rain (mm), Wind Speed (mph)

                                      Heat  Cool        Avg
    Mean                              Deg   Deg         Wind                 Dom
Day Temp  High   Time   Low    Time   Days  Days  Rain  Speed High   Time    Dir
----------------------------------------------------------------------------------
 1  13.7  15.5   16:40  11.4   23:54   4.6   0.0   3.6   4.2  19.0   03:43   WSW
 2  13.0  17.5   13:29   9.4   03:39   5.3   0.0   1.3   5.1  22.0   14:00    SW
 3  11.9  15.4   11:17   7.9   22:22   6.4   0.0   2.8   4.7  24.1   01:33   WSW
 4  10.8  16.1   14:21   5.6   07:06   7.5   0.0   0.0   3.1  18.1   12:20   WSW
 5  12.1  16.1   13:23   8.4   23:53   6.2   0.0  14.7   3.3  25.0   06:11   WSW
 6   9.5  15.2   15:50   5.5   23:25   8.8   0.0   9.9   0.6  12.0   03:09     N
 7   8.7  14.5   15:08   4.9   04:21   9.6   0.0   0.0   0.3   6.0   13:50    NW
 8  10.8  14.2   11:05   6.8   00:00   7.5   0.0   2.5   1.5  11.0   08:14     E
 9   9.7  13.8   13:31   5.8   23:57   8.6   0.0   0.3   1.3  11.0   11:17    NE
10   8.1  14.5   14:05   3.3   05:51  10.2   0.0   0.0   0.8   8.1   11:51   ENE
11  10.9  14.2   23:10   4.9   00:18   7.4   0.0   2.5   1.9  16.0   12:01   ESE
12  11.1  15.2   15:52   6.9   23:32   7.2   0.0   0.5   4.6  21.1   10:57   WSW
13   8.3  14.2   15:56   5.2   23:54  10.0   0.0   0.8   1.3  13.0   14:37   WSW
14   6.8  12.3   12:59   2.7   07:09  11.5   0.0   0.0   1.7   8.1   13:15   WNW
15   8.5  13.8   15:17   3.2   05:45   9.8   0.0   0.5   3.2  18.1   13:37    SW
16  11.2  15.5   14:20   7.7   23:12   7.1   0.0   1.8   6.6  31.1   04:22    SW
17  12.5  16.7   14:22   7.3   01:12   5.8   0.0   6.1   4.7  24.1   04:11   SSW
18  13.1  16.1   15:08  11.7   01:11   5.2   0.0   0.3   3.8  18.1   12:10     S
19  11.9  12.5   00:00  11.4   15:13   6.4   0.0  10.7   0.7   7.0   14:26   ENE
20  11.4  14.3   14:34   9.1   07:55   6.9   0.0   4.3   0.8  10.0   05:14    SW
21  10.6  11.9   23:46   9.2   02:35   7.7   0.0   4.3   3.2  14.0   13:23   NNE
22  13.4  14.6   14:42  11.9   00:00   4.9   0.0   0.5   1.5   8.1   04:14    NE
23  12.8  13.7   13:27  11.8   06:32   5.5   0.0   0.0   1.1   7.0   16:48     N
24  13.8  16.1   14:44  12.9   02:07   4.5   0.0   0.3   3.5  14.0   12:22    NE
25  11.6  13.0   00:00   9.0   23:52   6.7   0.0   0.8   5.0  18.1   18:53   NNE
26   7.2   9.0   00:00   2.8   23:50  11.1   0.0   0.0   5.4  18.1   00:02   NNE
27   3.3   5.9   12:15   1.3   05:26  15.0   0.0   5.1   4.2  21.1   12:35   NNW
28   4.9   8.4   14:19   0.1   04:03  13.4   0.0   2.0   3.1  15.0   12:23    SW
29   8.6  11.4   13:29   6.6   23:59   9.7   0.0   0.3   2.3  17.0   12:36    SW
30   7.1  11.3   13:43   5.7   20:13  11.2   0.0   0.0   1.7  11.0   11:58   WSW
31   8.8  12.1   13:23   5.5   04:03   9.5   0.0   0.5   5.4  27.0   12:58   SSW
----------------------------------------------------------------------------------
    10.2  17.5     2     0.1    28   251.2   0.0  76.4   2.9  31.1    16     WSW

Max >=  27.0:  0
Max <=   0.0:  0
Min <=   0.0:  0
Min <= -18.0:  0
Max Rain: 14.7 on day 5
Days of Rain: 24 (>= 0.2 mm)  12 (>= 2.0 mm)  0 (>= 20.0 mm)
Heat Base: 18.3  Cool Base: 18.3  Method: Integration