Chelmsford Weather from CM2Weather

Forecast: Increasing clouds and warmer. Precipitation possible within 12 to 24 hours. Windy. Last Updated 05:50 on 21 April 2019

NOAA style reports
Select a Year or Month report
V/Λ2019 > Jan Feb Mar Apr May Jun Jul Aug Sep Oct Nov Dec
V/Λ2018 > Jan Feb Mar Apr May Jun Jul Aug Sep Oct Nov Dec
V/Λ2017 > Jan Feb Mar Apr May Jun Jul Aug Sep Oct Nov Dec
V/Λ2016 > Jan Feb Mar Apr May Jun Jul Aug Sep Oct Nov Dec
V/Λ2015 > Jan Feb Mar Apr May Jun Jul Aug Sep Oct Nov Dec
V/Λ2014 > Jan Feb Mar Apr May Jun Jul Aug Sep Oct Nov Dec
V/Λ2013 > Jan Feb Mar Apr May Jun Jul Aug Sep Oct Nov Dec
V/Λ2012 > Jan Feb Mar Apr May Jun Jul Aug Sep Oct Nov Dec
V/Λ2011 > Jan Feb Mar Apr May Jun Jul Aug Sep Oct Nov Dec

Report for 2012 Jun
                   Monthly Climatological Summary for Jun 2012

Name: Chelmsford Weather by CM2Weather   City: Chelmsford   State: Essex
Elevation: 75 m  Lat: N 51 42' 39"   Lon: E 000 28' 16"

                  Temperature (C), Rain (mm), Wind Speed (mph)

                                      Heat  Cool        Avg
    Mean                              Deg   Deg         Wind                 Dom
Day Temp  High   Time   Low    Time   Days  Days  Rain  Speed High   Time    Dir
----------------------------------------------------------------------------------
 1  14.8  24.9   10:44  10.4   05:02   4.2   0.8   2.3   2.9   9.6   18:24   ENE
 2  12.8  17.5   13:41   9.8   08:01   5.5   0.0   9.4   4.1  15.2   01:05     E
 3   9.2  11.0   13:58   7.0   05:19   9.1   0.0  12.7   5.7  14.8   09:28   ENE
 4  10.1  15.7   16:37   4.6   02:02   8.1   0.0   0.0   3.8  11.2   14:29     N
 5  13.8  19.0   07:32  11.0   20:59   4.5   0.0   5.1   3.2  15.2   15:06    SW
 6  15.7  22.9   10:46  11.6   01:03   3.1   0.5   0.0   4.8  17.2   12:48   WSW
 7  14.6  21.6   11:04  12.3   01:47   4.0   0.3  10.7   4.6  22.1   05:21    SW
 8  13.0  16.2   14:49  10.6   04:35   5.3   0.0   2.0  10.0  27.5   13:03   WSW
 9  13.8  24.1   08:51   7.6   03:53   4.7   0.2   1.0   5.5  16.8   10:02     W
10  15.6  25.9   09:43  11.5   05:25   3.8   1.1  14.7   2.2  11.2   05:43     E
11  11.5  13.5   13:46  10.1   07:35   6.8   0.0  10.7   4.4  13.0   13:04    NE
12  11.0  12.5   14:58   8.7   22:43   4.5   0.0   0.0   3.8  13.2   11:02   NNE
13  12.8  18.9   11:05   4.3   05:00   5.5   0.0   0.0   0.7   7.0   17:57     E
14  12.9  17.4   10:51   6.4   02:57   7.3   0.0   7.4   4.3  17.0   15:57     E
15  15.8  21.4   10:14  11.1   03:29   2.7   0.3   0.0   5.7  19.7   14:57    SW
16  16.0  21.9   08:59  11.8   04:24   2.5   0.4   0.0   7.5  23.9   17:00   WSW
17  16.5  23.8   12:27  11.9   04:42   2.8   1.0   2.3   5.3  15.4   09:57   WSW
18  14.9  21.2   08:50   7.8   04:36   3.7   0.3   0.0   1.8  11.2   12:07     W
19  18.0  27.1   08:59  10.1   04:50   2.2   1.9   0.0   1.6   9.6   12:50    SW
20  17.9  28.5   10:31  12.0   01:03   2.5   2.1   5.3   2.6  14.8   14:23     E
21  15.4  23.3   12:24  10.5   01:42   3.6   0.7   2.0   4.7  19.7   20:43   WSW
22  14.6  19.6   07:56  10.1   04:55   3.7   0.0   2.0   6.9  19.9   14:26   WSW
23  15.6  23.5   11:16  11.1   01:35   3.4   0.7   8.4   5.8  19.0   07:27   WSW
24  16.2  22.1   08:06  10.5   04:12   2.7   0.6   0.0   4.7  22.4   12:04     W
25  18.1  23.9   08:14  12.8   03:19   1.9   1.6   0.0   2.1   9.4   10:29    NW
26  21.4  28.9   11:12  17.2   02:01   0.2   3.3   0.0   2.4  10.7   14:22   WSW
27  21.2  29.7   11:15  16.0   01:29   0.5   3.4   0.0   3.4  13.2   12:15   WSW
28  20.9  29.7   13:59  12.8   03:33   1.4   4.0   0.0   3.8  17.2   19:00    SW
29  17.9  23.8   10:30  14.2   04:59   1.4   1.1   3.0   6.7  23.0   16:36   WSW
30  16.8  22.8   12:44  10.6   05:06   2.5   1.1   3.3   5.8  17.7   13:55   WSW
----------------------------------------------------------------------------------
    15.3  29.7    27     4.3    13   114.1  25.4 102.3   4.5  27.5     8     WSW

Max >=  27.0:  5
Max <=   0.0:  0
Min <=   0.0:  0
Min <= -18.0:  0
Max Rain: 14.7 on day 10
Days of Rain: 17 (>= 0.2 mm)  16 (>= 2.0 mm)  0 (>= 20.0 mm)
Heat Base: 18.3  Cool Base: 18.3  Method: Integration