Chelmsford Weather from CM2Weather

Forecast: Increasing clouds with little temperature change. Precipitation possible within 24 to 48 hours. Last Updated 01:40 on 13 December 2018

NOAA style reports
Select a Year or Month report

Report for 2012 Mar
                   Monthly Climatological Summary for Mar 2012

Name: Chelmsford Weather by CM2Weather   City: Chelmsford   State: Essex
Elevation: 70 m  Lat: N 51 42' 40"   Lon: E 000 28' 15"

                  Temperature (C), Rain (mm), Wind Speed (mph)

                                      Heat  Cool        Avg
    Mean                              Deg   Deg         Wind                 Dom
Day Temp  High   Time   Low    Time   Days  Days  Rain  Speed High   Time    Dir
----------------------------------------------------------------------------------
 1   9.8  18.9   15:17   4.5   00:33   8.5   0.0   0.0   0.6   6.3   08:46     N
 2   7.1   8.8   08:56   5.8   09:16  11.2   0.0   0.0   1.7   7.6   13:50   ENE
 3   8.7  15.1   15:21   5.7   00:06   9.2   0.0   0.0   2.8  12.1   12:08   SSW
 4   4.5   9.6   12:03   2.3   16:56  13.7   0.0   5.1   3.4  16.3   05:38     W
 5   4.6   6.7   10:06   2.8   04:37  13.7   0.0   1.3   5.7  15.9   12:41    NW
 6   6.0  12.9   13:55   3.5   19:27  12.3   0.0   0.0   2.4  16.8   08:38    SW
 7   4.9  10.9   15:32   1.4   23:02  13.4   0.0   3.0   4.1  16.8   09:07   WSW
 8   8.3  15.4   14:34   4.6   23:30  10.0   0.0   0.0   2.1   7.8   09:52   WSW
 9   9.4  11.9   11:43   7.1   05:36   8.8   0.0   0.0   3.2  11.9   10:09    SW
10  10.5  17.6   13:52   6.1   02:33   7.8   0.0   0.0   1.9   7.4   13:49     W
11   9.9  18.9   14:02   4.2   06:32   8.4   0.0   1.0   0.7   5.6   11:41     W
12   7.2   9.7   12:31   6.1   09:01  11.1   0.0   0.0   1.1   5.8   18:28     N
13   6.8  10.4   13:53   5.0   04:04  11.5   0.0   0.0   0.8   5.4   08:29    NE
14   5.3  13.0   13:09   1.1   02:44  13.0   0.0   0.0   1.4   6.0   12:57    NE
15  11.6  20.5   14:41   5.6   09:00   6.9   0.2   0.0   1.2   7.4   00:45    SW
16   8.6  10.2   13:17   6.4   03:57   9.6   0.0   0.0   3.1  10.3   16:58    SW
17   7.8  11.9   11:12   0.0   09:52  10.1   0.0   7.4   3.0  11.0   13:30   SSW
18   4.9  12.8   11:09   0.7   04:57  13.4   0.0   0.0   1.7   6.5   12:03     W
19   9.0  18.3   13:45   3.0   05:55   9.3   0.0   0.0   1.6   5.4   08:56    SW
20  10.7  18.9   15:12   5.2   04:28   7.6   0.0   0.0   1.7   6.7   13:02   WSW
21   9.7  19.9   12:41   3.6   00:50   8.7   0.1   0.0   1.3   6.5   14:52   NNE
22  10.5  18.9   12:59   4.6   06:14   7.8   0.0   0.0   1.8   2.7   17:18    NE
23  11.1  22.1   13:44   3.3   06:11   7.8   0.6   0.0   0.1   3.8   20:20   NNE
24  10.2  22.3   14:15   2.3   04:08   8.7   0.6   1.0   1.1   6.3   13:31    NE
25   7.8  17.8   15:50   1.0   05:42   8.3   0.0   0.0   1.5   6.5   13:33   NNE
26  10.2  20.7   14:53   1.2   05:53   8.5   0.4   0.0   1.8   8.7   13:08    NE
27  10.7  22.1   14:12   2.4   06:00   8.2   0.6   0.0   1.3   8.7   12:25    NE
28  13.9  26.1   15:22   5.2   04:28   6.0   1.6   0.0   0.4   3.8   13:28   WNW
29  12.8  23.0   14:45   4.6   06:51   6.3   0.8   0.0   1.4   8.5   16:42   NNW
30  10.9  18.8   11:43   4.7   03:52   7.4   0.0   0.0   0.8   6.0   04:48   WNW
31   6.0  13.1   14:21  -0.1   05:14  12.3   0.0   0.0   2.9  10.3   13:32     N
----------------------------------------------------------------------------------
     8.7  26.1    28    -0.1    31   299.5   4.9  18.8   1.9  16.8     6       W

Max >=  27.0:  0
Max <=   0.0:  0
Min <=   0.0:  2
Min <= -18.0:  0
Max Rain: 7.4 on day 17
Days of Rain: 6 (>= 0.2 mm)  3 (>= 2.0 mm)  0 (>= 20.0 mm)
Heat Base: 18.3  Cool Base: 18.3  Method: Integration