Chelmsford Weather from CM2Weather

Forecast: Increasing clouds with little temperature change. Precipitation possible within 24 to 48 hours. Last Updated 02:15 on 13 December 2018

NOAA style reports
Select a Year or Month report

Report for 2012 Feb
                   Monthly Climatological Summary for Feb 2012

Name: Chelmsford Weather by CM2Weather   City: Chelmsford   State: Essex
Elevation: 70 m  Lat: N 51 42' 40"   Lon: E 000 28' 15"

                  Temperature (C), Rain (mm), Wind Speed (mph)

                                      Heat  Cool        Avg
    Mean                              Deg   Deg         Wind                 Dom
Day Temp  High   Time   Low    Time   Days  Days  Rain  Speed High   Time    Dir
----------------------------------------------------------------------------------
 1  -0.8   4.7   13:47  -3.4   03:44  19.1   0.0   0.0   3.4  15.2   14:02   NNE
 2  -1.5   3.3   14:09  -3.7   21:54  19.7   0.0   0.0   4.2  14.5   10:47   NNE
 3  -1.3   5.3   13:58  -4.9   07:18  19.6   0.0   0.0   1.7   6.3   12:54   WNW
 4  -0.9   0.8   11:48  -2.3   09:00  19.2   0.0   0.0   2.3  11.0   21:53    SW
 5   0.5   2.1   14:13  -1.2   09:00  17.8   0.0   1.0   0.8   6.3   10:40     S
 6   0.5   4.6   15:18  -1.6   19:15  17.8   0.0   5.3   0.4   4.3   14:38    NE
 7  -1.4   3.3   11:30  -5.2   18:47  19.6   0.0   0.0   2.5  11.0   22:41   NNE
 8  -0.5   0.5   13:55  -1.6   06:53  18.8   0.0   0.0   3.8  10.3   11:14   NNE
 9   0.3   4.5   13:19  -1.5   08:10  18.0   0.0   0.0   1.1   4.7   16:18     N
10  -3.9   4.0   14:27  -9.9   06:52  22.2   0.0   0.0   1.5   7.6   11:35    NE
11  -3.3   6.2   13:25  -8.5   02:58  21.6   0.0   0.0   0.6   5.6   12:35    NW
12   1.1   4.0   14:52  -1.5   09:00  17.2   0.0   0.0   1.3   6.3   15:21     W
13   3.6   5.4   12:32   2.3   09:00  14.7   0.0   1.0   2.2  10.5   05:33   WNW
14   6.0   8.0   14:17   3.6   09:00  12.2   0.0   0.0   2.9   8.7   22:19     W
15   7.6  10.4   11:45   5.4   04:53  10.7   0.0   0.0   3.4  12.3   10:05     W
16   7.8  12.3   13:28   5.6   07:09  10.4   0.0   0.0   2.1   8.5   10:36   WSW
17   9.6  12.5   11:10   7.4   01:41   8.7   0.0   0.0   2.3  15.4   07:46    SW
18   4.3  11.6   14:05   0.3   04:50  14.0   0.0   3.3   4.6  17.7   11:11   WSW
19   1.4   9.8   13:29  -2.7   00:32  16.9   0.0   0.0   2.2   7.8   11:56     W
20   5.2   9.2   12:41   1.2   09:00  13.1   0.0   0.0   2.9  10.7   18:48    SW
21   9.3  14.4   12:36   6.6   09:00   9.0   0.0   0.0   3.6  13.0   12:51    SW
22   9.5  12.2   08:59   7.5   09:00   8.7   0.0   0.0   5.5  16.8   15:38    SW
23  12.9  20.3   14:48   8.6   05:44   5.5   0.3   1.0   3.1  11.0   08:17    SW
24   9.7  17.2   14:19   4.6   01:41   8.5   0.0   0.0   2.9   9.4   13:16   WSW
25   6.0  14.0   14:23   1.3   03:52  12.3   0.0   0.0   1.3   6.5   09:28     W
26   8.5  16.1   14:51   4.2   09:00   9.7   0.0   0.0   1.2   8.1   06:28    SW
27   9.8  11.0   08:58   7.8   09:00   8.5   0.0   0.0   2.6   9.4   13:06    SW
28  11.7  18.4   15:26   9.0   06:06   6.6   0.0   0.0   1.6   6.0   04:49   WSW
29  10.8  15.9   12:21   7.5   04:41   7.5   0.0   0.0   1.5   8.5   10:06    SW
----------------------------------------------------------------------------------
     4.2  20.3    23    -9.9    10   407.6   0.3  11.6   2.4  17.7    18       W

Max >=  27.0:  0
Max <=   0.0:  0
Min <=   0.0: 13
Min <= -18.0:  0
Max Rain: 5.3 on day 6
Days of Rain: 5 (>= 0.2 mm)  2 (>= 2.0 mm)  0 (>= 20.0 mm)
Heat Base: 18.3  Cool Base: 18.3  Method: Integration