Chelmsford Weather from CM2Weather

Forecast: Partly cloudy and cooler. Last Updated 20:45 on 20 October 2019

NOAA style reports
Select a Year or Month report

Report for 2019 Oct
                   Monthly Climatological Summary for Oct 2019

Name: CM2Weather   City: Chelmsford   State: Essex
Elevation: 66 m  Lat: N 51 42 38   Lon: E 000 28 14

                  Temperature (C), Rain (mm), Wind Speed (mph)

                                      Heat  Cool        Avg
    Mean                              Deg   Deg         Wind                 Dom
Day Temp  High   Time   Low    Time   Days  Days  Rain  Speed High   Time    Dir
----------------------------------------------------------------------------------
01  15.5  19.8   15:51  10.8   22:24   0.1   0.0   3.2   3.7  19.0   20:38     W
02  10.0  14.6   13:15   5.7   23:59   2.5   0.0   3.4   3.8  20.0   12:48   NNW
03   9.2  15.8   11:32   3.7   06:06   3.2   0.0   1.6   1.8  12.0   18:00    SW
04  13.5  17.7   14:39  10.9   00:00   0.1   0.0   1.8   2.7  20.0   01:29   WSW
05  13.5  18.7   12:55  11.8   06:33   0.0   0.0   0.0   2.0  12.0   10:21     E
06  13.8  16.7   15:21  10.9   23:59   0.0   0.0  12.0   2.4  16.0   13:12    NW
07  12.1  15.2   13:59   8.7   06:10   1.1   0.0   1.0   2.3  16.0   15:14    SW
08  13.7  17.4   14:48  10.7   23:59   0.1   0.0   4.0   3.8  18.0   14:33   WSW
09  12.0  16.3   13:02   9.7   23:58   0.9   0.0   0.0   3.6  16.0   11:00   WSW
10  13.0  17.3   11:53   8.7   04:05   1.1   0.0   0.0   5.2  20.0   20:43   WSW
11  15.5  16.9   16:50  12.4   23:59   0.0   0.0   6.2   6.3  23.0   13:30   WSW
12  11.7  12.5   14:05  11.1   04:46   0.4   0.0   6.2   1.4   8.0   03:52    SW
13  13.6  17.7   12:25  11.0   23:23   0.2   0.0   2.8   3.6  25.0   12:19    SW
14  12.9  15.9   21:32  10.6   03:56   0.4   0.0   5.0   2.2  16.0   13:30   ESE
15  13.3  16.8   14:51  11.1   23:53   0.2   0.0   0.0   2.7  19.0   02:11   WSW
16  12.8  17.8   11:08   8.3   23:54   0.6   0.0   0.4   2.0  14.0   11:40    SW
17  11.4  16.6   11:36   8.1   00:09   1.2   0.0   8.4   2.8  14.0   13:49    SW
18  12.0  15.6   13:07   9.6   07:35   0.8   0.0   3.2   5.0  24.0   16:17    SW
19  11.3  15.6   13:04   7.7   23:59   1.3   0.0   0.0   3.1  14.0   00:54    SW
----------------------------------------------------------------------------------
    12.7  19.8     1     3.7     3    14.2   0.0  59.2   3.2  25.0    13     WSW

Max >=  35.7  0
Max <=  33.6 19
Min <= -20.6  0
Min <= -18.0  0
Max Rain: 12.0 on day 6
Days of Rain: 14 (>= 0.2 mm)  10 (>= 2.0 mm)  0 (>= 20.0 mm)
Heat Base: 12.0  Cool Base: 24.0  Method: Integration